/* Ce fichier est un jeu d'essai pour afficher le contenu de l'album HAZARD ep01/ep02
disponible dans public
Dans ce jeu d'essai, on considère qu'il y a un user dans la base seulement
Les 2 users suivants sont les auteurs
*/
use allskreen;
delete from
    authors;
ALTER TABLE
    authors AUTO_INCREMENT = 1;
delete from
    content;
ALTER TABLE
    content AUTO_INCREMENT = 1;
delete from
    author_type_content;
delete from
    albums;
ALTER TABLE
    albums AUTO_INCREMENT = 1;
delete from
    album_episodes;
ALTER TABLE
    album_episodes AUTO_INCREMENT = 1;
delete from
    content_genres;
insert into
    authors (pseudo, iduser)
values
    ('Grelin', 2);
insert into
    authors (pseudo, iduser)
values
    ('Mariolle', 3);
insert into
    authors (pseudo, iduser)
values
    ('Herenguel', 4);
insert into
    authors (pseudo, iduser)
values
    ('Kirsch', 5);
insert into
    authors (pseudo, iduser)
values
    ('Bonne', 6);
insert into
    authors (pseudo, iduser)
values
    ('Mourier', 7);
insert into
    authors (pseudo, iduser)
values
    ('Lamy', 8);
insert into
    authors (pseudo, iduser)
values
    ('Vervisch', 9);
insert into
    authors (pseudo, iduser)
values
    ('Ishisama', 9);
insert into
    content (
        title,
        subtitle,
        summary,
        likes,
        directory,
        creationdate,
        publishdate,
        available
    )
values
    (
        'Hazard',
        'Episode 01',
        'Un groupe de potes discute dans un endroit qui semble abandonné, quand un étranger fait son apparition…',
        0,
        'Hazard01_ep01',
        now(),
        now(),
        1
    );
insert into
    content (
        title,
        subtitle,
        summary,
        likes,
        directory,
        creationdate,
        publishdate,
        available
    )
values
    (
        'Hazard',
        'Episode 02',
        'Lucky et Jericho fuient toujours pour échapper à la police…',
        0,
        'Hazard01_ep02',
        now(),
        now(),
        1
    );
insert into
    content (
        title,
        subtitle,
        summary,
        likes,
        directory,
        creationdate,
        publishdate,
        available
    )
values
    (
        'Hazard',
        'Episode 03',
        'Ailleurs dans la galaxie, un vaisseau se fait attaquer, tandis que sur la planète, la police continue d’enquêter sur Lucky…',
        0,
        'Hazard01_ep03',
        now(),
        now(),
        0
    );
insert into
    content (
        title,
        subtitle,
        summary,
        likes,
        directory,
        creationdate,
        publishdate,
        available
    )
values
    (
        'Kiliwatch',
        'Episode 01',
        '"Au sud de Nulle part" : Entre action et dérision, les passagers d''un bus qui traverse le désert va faire la connaissance de notre duo d''aventuriers!',
        0,
        'Kiliwatch_ep01',
        now(),
        now(),
        1
    );
insert into
    content (
        title,
        subtitle,
        summary,
        likes,
        directory,
        creationdate,
        publishdate,
        available
    )
values
    (
        'Kiliwatch',
        'Episode 02',
        '"Frontera Buddie Blues": Nos héros décident tranquillement de cambrioler un restaurant routier mais -comme d''habitude- rien ne se passe comme prévu...',
        0,
        'Kiliwatch_ep02',
        now(),
        now(),
        1
    );
insert into
    content (
        title,
        subtitle,
        summary,
        likes,
        directory,
        creationdate,
        publishdate,
        available
    )
values
    (
        'Les Moines tatoués',
        'Episode 01',
        'Deux jeunes Mormons sont envoyés en mission évangélique en France.',
        0,
        'MoinesTatoues_ep01',
        now(),
        now(),
        1
    );
insert into
    content (
        title,
        subtitle,
        summary,
        likes,
        directory,
        creationdate,
        publishdate,
        available
    )
values
    (
        'Mouarf',
        'Episode 01',
        'La mélancolie d’un personnage face à son premier amour, un amour que l’on a du mal à oublier...',
        0,
        'Mouarf01_ep01',
        now(),
        now(),
        1
    );
insert into
    content (
        title,
        subtitle,
        summary,
        likes,
        directory,
        creationdate,
        publishdate,
        available
    )
values
    (
        'Mouarf',
        'Episode 02',
        'Un personnage en proie au doute est toujours confronté à de nombreux dilemmes... Et à ses contradictions !',
        0,
        'Mouarf01_ep02',
        now(),
        now(),
        1
    );
insert into
    content (
        title,
        subtitle,
        summary,
        likes,
        directory,
        creationdate,
        publishdate,
        available
    )
values
    (
        'Hell West',
        'Episode 01',
        'La mort rôde sur Duluth, il est temps de faire connaissance avec un nouveau genre de Far West…',
        0,
        'Hellwest01_ep01',
        now(),
        now(),
        1
    );
insert into
    content (
        title,
        subtitle,
        summary,
        likes,
        directory,
        creationdate,
        publishdate,
        available
    )
values
    (
        'Hell West',
        'Episode 02',
        'En pleine action, la prêtresse des Winnocks commence une incantation magique...',
        0,
        ' Hellwest01_ep02 ',
        now(),
        now(),
        1
    );
insert into
    content (
        title,
        subtitle,
        summary,
        likes,
        directory,
        creationdate,
        publishdate,
        available
    )
values
    (
        'Chinpira',
        'Episode 01',
        'En pleine action, la prêtresse des Winnocks commence une incantation magique...',
        0,
        'Chinpira_ep01',
        now(),
        now(),
        1
    );
insert into
    author_type_content (idtype, idcontent, idauthor)
values
    (2, 1, 1);
insert into
    author_type_content (idtype, idcontent, idauthor)
values
    (1, 1, 2);
insert into
    author_type_content (idtype, idcontent, idauthor)
values
    (2, 2, 1);
insert into
    author_type_content (idtype, idcontent, idauthor)
values
    (1, 2, 2);
insert into
    author_type_content (idtype, idcontent, idauthor)
values
    (2, 3, 1);
insert into
    author_type_content (idtype, idcontent, idauthor)
values
    (1, 3, 2);
insert into
    author_type_content (idtype, idcontent, idauthor)
values
    (8, 4, 3);
insert into
    author_type_content (idtype, idcontent, idauthor)
values
    (8, 5, 3);
insert into
    author_type_content (idtype, idcontent, idauthor)
values
    (2, 6, 5);
insert into
    author_type_content (idtype, idcontent, idauthor)
values
    (1, 6, 4);
insert into
    author_type_content (idtype, idcontent, idauthor)
values
    (8, 7, 7);
insert into
    author_type_content (idtype, idcontent, idauthor)
values
    (8, 8, 7);
insert into
    author_type_content (idtype, idcontent, idauthor)
values
    (1, 9, 8);
insert into
    author_type_content (idtype, idcontent, idauthor)
values
    (2, 9, 9);
insert into
    author_type_content (idtype, idcontent, idauthor)
values
    (1, 10, 8);
insert into
    author_type_content (idtype, idcontent, idauthor)
values
    (2, 10, 9);
insert into
    author_type_content (idtype, idcontent, idauthor)
values
    (8, 11, 10);
insert into
    albums (
        title,
        description,
        creationdate,
        publishdate,
        hide
    )
values
    (
        'Hazard',
        ' Les auteurs revisitent le classique duo d''aventure avec modernitéet dynamisme :Dans un univers futuriste aux confins de l''Espace,
        la rencontre entre un garçon et une jeune fille va chambouler leur vie.Entre secrets, poursuites et ennuis en pagaille, nos deux héros vont apprendre à se connaitre … ',
        now(),
        now(),
        0
    ),
    (
        'Kiliwatch',
        ' Fille improbable de John Wayne et de Tank Girl,
        Kiliwatch déambule dans un Far - West version 3.0 avec un véritable don pour se retrouver au mauvais endroit,
        au mauvais moment.Accompagnée de Banjo,
        robot incontinent et un rien obsolète,
        elle croise la route d''intelligences souvent très artificielles en apportant des réponses simples à des problèmes compliqués...Souriez,
        vous ê tes visés ! ',
        now(),
        now(),
        0
    ),
    (
        'Les moines tatoués',
        ' Avec cet album au thèmeétonnant,
        les auteurs montrent tout leur savoir - faire dans le développement de personnages bien construits et que nous voyonsévoluer au fur et à mesure du récit.Forçant l''identification,
        le dessin renforce notre immersion au fil d''un scénario qui n''hésite pas à faire réfléchir le lecteur.Pris entre deux philosophies de vie radicalement différentes,
        le jeune héros de cet album est confrontéà son immaturit é: comment réagir lorsque ses croyances sont remises en cause ? ',
        now(),
        now(),
        0
    ),(
        ' Mouarf ',
        ' Mouarf ! C''est l''onomatopée qui vient lorsque l''on se rend compte qu''on est impuissant face au temps qui passe,
        lorsque l''on réalise qu''on ne peut pas tout maitriser ni l''amour d''une femme,
        ni la mort de nos parents.Mouarf ! C''est le son qui s''échappe de notre bouche lorsqu''on apprend qu''on a toute la vie devant nous et qu''on ne sait pas quoi en faire.Mouarf ! C''est le grognement inutile et désabuséque l''on jette à la face du monde pour signifier notre mécontentement d''être humain.',
        now(),
        now(),
        0
    ),(
        ' Hell West ',
        ' Comme tous les mélanges de genres, Hell West s’aventure avec le Fantastique/Western dans une voie délicate: trouver le juste milieu entre coller à la réalité Historique et tomber dans l’excès .Les Auteurs vont, dans cette uchronie, trouver un terrain de jeu équilibré: des personnages forts, des situations rocambolesques et une galerie de personnages Historiques marquants, habilement détournés.Avec un graphisme en noir et blanc qui confère toute son élégance et son tranchant au genre Western, et un scénario plein de surprises qui sait captiver le lecteur, Hell West est une proposition moderne et séduisante des clichés mythiques de l’Histoire de la construction des États-Unis.',
        now(),
        now(),
        0
    ),
    (
        ' Chinpira ',
        ' Un jeune homme plein d’assurance et de certitudes va découvrir la vie et ses défis, entouré de son étrange famille. Un Shonen dynamique, plein d’action et  d’humour!',
        now(),
        now(),
        0
    );
insert into
    album_episodes (idalbum, idcontent, number)
values
    (1, 1, 1);
insert into
    album_episodes (idalbum, idcontent, number)
values
    (1, 2, 2);
insert into
    album_episodes (idalbum, idcontent, number)
values
    (1, 3, 3);
insert into
    album_episodes (idalbum, idcontent, number)
values
    (2, 4, 1);
insert into
    album_episodes (idalbum, idcontent, number)
values
    (2, 5, 2);
insert into
    album_episodes (idalbum, idcontent, number)
values
    (3, 6, 1);
insert into
    album_episodes (idalbum, idcontent, number)
values
    (4, 7, 1);
insert into
    album_episodes (idalbum, idcontent, number)
values
    (4, 8, 2);
insert into
    album_episodes (idalbum, idcontent, number)
values
    (5, 9, 1);
insert into
    album_episodes (idalbum, idcontent, number)
values
    (5, 10, 2);
insert into
    album_episodes (idalbum, idcontent, number)
values
    (6, 11, 1);
insert into
    content_genres (idgenre, idcontent)
values
    (4, 1);
insert into
    content_genres (idgenre, idcontent)
values
    (15, 1);
insert into
    content_genres (idgenre, idcontent)
values
    (16, 1);
insert into
    content_genres (idgenre, idcontent)
values
    (20, 1);
insert into
    content_genres (idgenre, idcontent)
values
    (4, 2);
insert into
    content_genres (idgenre, idcontent)
values
    (15, 2);
insert into
    content_genres (idgenre, idcontent)
values
    (16, 2);
insert into
    content_genres (idgenre, idcontent)
values
    (20, 2);