--
-- Host: localhost    Database: webtoon
-- ------------------------------------------------------


--
-- Table structure for table `activity`
--

CREATE TABLE `activity` (
  `id` int(11) NOT NULL AUTO_INCREMENT,
  `short_label` varchar(255) COLLATE utf8mb4_unicode_ci NOT NULL,
  `long_label` varchar(255) COLLATE utf8mb4_unicode_ci NOT NULL,
  PRIMARY KEY (`id`)
) ENGINE=InnoDB AUTO_INCREMENT=16 DEFAULT CHARSET=utf8mb4 COLLATE=utf8mb4_unicode_ci;

--
-- Dumping data for table `activity`
--

INSERT INTO `activity` VALUES (5,'Scénario','Scénario'),(6,'Dessin','Dessin'),(7,'Couleur','Couleur'),(8,'Storyboard','Storyboard'),(9,'Illustration','Illustration'),(10,'Encrage','Encrage'),(11,'Dialogues','Dialogues'),(12,'Dessin et Scénario','Dessin et Scénario'),(13,'Scénario et Storyboard','Scénario et Storyboard'),(14,'Dessin et Storyboard','Dessin et Storyboard'),(15,'Dessin et Couleur','Dessin et Couleur');

--
-- Table structure for table `album`
--

CREATE TABLE `album` (
  `id` int(11) NOT NULL AUTO_INCREMENT,
  `title` varchar(255) COLLATE utf8mb4_unicode_ci NOT NULL,
  `description` longtext COLLATE utf8mb4_unicode_ci,
  `creation_date` datetime NOT NULL,
  `publishdate` datetime DEFAULT NULL,
  `visible` tinyint(1) NOT NULL,
  `cover` varchar(255) COLLATE utf8mb4_unicode_ci DEFAULT NULL,
  `big_cover` varchar(255) COLLATE utf8mb4_unicode_ci DEFAULT NULL,
  `album_cover` varchar(255) COLLATE utf8mb4_unicode_ci DEFAULT NULL,
  PRIMARY KEY (`id`)
) ENGINE=InnoDB AUTO_INCREMENT=64 DEFAULT CHARSET=utf8mb4 COLLATE=utf8mb4_unicode_ci;

--
-- Dumping data for table `album`
--

INSERT INTO `album` VALUES (1,'Hazard','Les auteurs revisitent le classique duo d’aventure avec modernité et dynamisme:\r\nDans un univers futuriste aux confins de l’Espace, la rencontre entre un garçon et une jeune fille va chambouler leur vie. \r\n\r\nEntre secrets, poursuites et ennuis en pagaille, nos deux héros vont apprendre à se connaitre…','2019-09-18 08:34:28',NULL,1,NULL,NULL,NULL),(2,'Tortuga','A la fois récit de piraterie et de Fantastique, Tortuga est un parfait exemple d’un juste mélange des genres.\r\n\r\nDécrivant de manière documentée et imaginative une époque qui passionne les lecteurs depuis très longtemps, les auteurs continuent de nous surprendre avec une relecture d\'un genre parfaitement codifié.\r\n\r\nUn dessin et un découpage au cordeau, des dialogues cinglants, ce récit n\'hésites pas à faire s\'affronter science et magie dans une opposition à la fois passionnante et pleine de rebondissements.','2019-09-18 08:34:28',NULL,1,NULL,NULL,NULL),(3,'E.N.D.','La fin des Temps. \r\n\r\nChaque jour, un grésillement radiophonique crache ses consignes en attendant l’extinction de la race humaine. \r\n\r\nLa population se divise et s’entredéchire, l’humanité disparaît en même temps que l’espoir s’amoindrit. \r\nEgoïste et résigné, David croise sur sa route Alice, cette fille aux multiples visages... \r\n\r\nCe pourrait-il que leurs rencontres les mènent à l’unique vérité ?  \r\nLes auteurs nous offrent avec E.N.D une quête intérieure et universelle par une étonnante cohérence scénaristique et graphique.','2019-09-18 08:34:28',NULL,1,NULL,NULL,NULL),(7,'l\'Esprit d\'aventure','Vivre les aventures de ses héros préférés dans la vie réelle a toujours été un fantasme. \r\n\r\nQuand Franck, notre héros, découvre le monde des passionnés de bandes dessinées, il n’en revient pas : il est perdu !\r\n\r\nPar contre, il connait bien les tendances retorses des malfrats du quartier, son passé cache quelques secrets…\r\n\r\nDes geeks -libraires de Bandes dessinées- se trouvent mêlés à une histoire avec la mafia locale.','2019-09-18 08:34:28',NULL,1,NULL,NULL,NULL),(9,'Les Enquêtes d\'Andrew Barrymore','Dans le Far West du XIXe siècle, où le progrès suit l’avancée du chemin de fer, le nouvel assistant du shérif de la petite ville de Old Creek Town sort de l’ordinaire : \r\nc’est un détective de San Francisco plus intéressé par la réflexion que par l’action.\r\n\r\nDès son arrivée, un meurtre sans coupable complique son intégration dans la petite ville… ','2019-09-18 08:34:28',NULL,1,NULL,NULL,NULL),(11,'Les Moines tatoués','Avec cet album au thème étonnant, les auteurs montrent tout leur savoir-faire dans le développement de personnages bien construits et que nous voyons évoluer au fur et à mesure du récit.\r\n\r\nForçant l\'identification, le dessin renforce notre immersion au fil d’un scénario qui n’hésite pas à faire réfléchir le lecteur.\r\n\r\nPris entre deux philosophies de vie radicalement différentes, le jeune héros de cet album est confronté à son immaturité: \r\nComment réagir lorsque ses croyances sont remises en cause ? ','2019-09-18 08:34:28',NULL,1,NULL,NULL,NULL),(12,'Husk','Chez Arnold, on conçoit les Husks, des entités biomécaniques de cinq mètres de haut qui constituent un véritable prolongement du corps de leur pilote. \r\n\r\nEmployés essentiellement pour la guerre ou l\'exploration spatiale, ces substituts corporels hors de prix ont été prêtés par le fabriquant à quelques brigades de police de terrain, afin de tester leur efficacité dans le domaine du maintien de l\'ordre. \r\n\r\nBien sûr, cela ne va pas sans faire certains dégâts.','2019-09-18 08:34:28',NULL,1,NULL,NULL,NULL),(15,'Kiliwatch','Fille improbable de John Wayne et de Tank Girl, Kiliwatch déambule dans un Far-West version 3.0 avec un véritable don pour se retrouver au mauvais endroit, au mauvais moment. \r\n\r\nAccompagnée de Banjo, robot incontinent et un rien obsolète, elle croise la route d\'intelligences souvent très artificielles en apportant des réponses simples à des problèmes compliqués... \r\n\r\nHérenguel, avec son équipe de dessinateurs, nous propose un second degré bienvenu dans la galaxie de la Bande Dessinée d\'Aventure: \r\nProuesses graphiques et découpages audacieux, humour potache et gros flingues...\r\nSouriez, vous êtes visés! ','2019-09-18 08:34:28',NULL,1,NULL,NULL,NULL),(18,'A l\'Est','Constantin est un jeune homme rêveur qui se décide à retrouver un amour perdu. \r\n\r\nPoussé par ce mystérieux masque qui semble porter malheur, il va devoir sortir de sa zone de confort afin de rendre l’artefact maudit à sa propriétaire Jia-Li, une ex, partie sans laisser d’adresse.\r\n\r\nPerdu dans les néons de Tokyo, Constantin sera confronté aux barrières culturelles et linguistiques d’un pays qu’il ne comprend pas.\r\n\r\nIl se dit que le voyage compte plus que la destination: \r\nC’est un voyage qui changera notre héros pour toujours.','2019-09-18 08:34:28',NULL,1,NULL,NULL,NULL),(21,'Bleue','Bleue est une jeune fille de 12 ans qui passe une partie de son été au service d’oncologie pédiatrique.\r\n\r\nElle y raconte ses aventures pleines de fantaisies, car -loin de se laisser abattre- elle va tout faire pour s’amuser et vivre comme n’importe quelle fille de son âge.\r\n\r\nElle y combattra la maladie avec son arme la plus précieuse: sa joie de vivre.\r\n\r\nLes auteurs mènent ici (et réussissent) un mélange délicat: un sujet grave avec une approche à la fois touchante et humoristique. \r\n\r\nUn style graphique tout en rondeur pour alléger le propos tout en renforçant un attachement émotionnel, et une touche de réalisme dans l’écriture d’un scénario sur le fil.','2019-09-18 08:34:28',NULL,1,NULL,NULL,NULL),(24,'Mouarf','Mouarf ! C’est l’onomatopée qui vient lorsque l’on se rend compte qu’on est impuissant face au temps qui passe, lorsque l’on réalise qu’on ne peut pas tout maitriser ni l’amour d’une femme, ni la mort de nos parents.\r\n\r\nMouarf ! C’est le son qui s’échappe de notre bouche lorsqu’on apprend qu’on a toute la vie devant nous et qu’on ne sait pas quoi en faire.\r\n\r\nMouarf ! C’est le grognement inutile et désabusé que l’on jette à la face du monde pour signifier notre mécontentement d’être humain.\r\n\r\nDavy Mourier nous propose ici une tranche d\'humanité comme on en voit peu. À la fois intimistes et pourtant tellement universelles, ses aventures vous feront vibrer, rire, pleurer... Comme seul l\'auteur est capable de le faire.','2019-09-18 08:34:28',NULL,1,NULL,NULL,NULL),(25,'Fantastic Stories','L\'auteur nous propose un ensemble de récits courts d’une étonnante diversité d’ambiances: \r\nmélancoliques, dramatiques, humoristiques, philosophiques… mais toujours touchantes! \r\n\r\nS’attaquer -avec succès- à des choses plus personnelles avec un graphisme toujours aussi cartoon et unique, est un équilibre difficile:\r\nL\'auteur y arrive et trouve une formule audacieuse, entre références aux classiques et prouesses techniques!','2019-09-18 08:34:28',NULL,1,NULL,NULL,NULL),(27,'Eddy l\'angoisse','Avec ce récit, l’auteur nous propose une œuvre très proche de chacun de nous: \r\n\r\nvouloir accomplir ses rêves d’ado et s’en donner les moyens. \r\n\r\nAutour de ce thème principal fort, il va construire et dessiner une histoire profondément humaine et touchante. \r\nUn trait souple et dynamique, un découpage vif et construit en « chapitres » autour des évolutions de son personnage principal… \r\n\r\nTout est là pour permettre au lecteur de s’identifier au maximum à Eddy, dans ses peurs, ses envies et ses doutes.\r\n\r\nAvec cette série qui pourrait être autobiographique, Richard Di Martino signe un travail fort et très personnel.','2019-09-18 08:34:28',NULL,1,NULL,NULL,NULL),(33,'Friskoz Invaders from Space','Un futur apocalyptique, une police privée violente, des gangsters… et Nic Loomis, un détective fiable et attachant au milieu de tout ce capharnaüm.\r\n\r\nSous un trait cartoonesque parfaitement second degré, les auteurs nous invitent dans un univers où plus rien n’a de limite:\r\nle scénario propose des personnages caricaturaux et des situations absurdes, mais jamais totalement dénuées d’un certain réalisme des thématiques (extrémisme, Immigration illégale, etc).\r\n\r\nC’est la force de cette œuvre:\r\nParler de notre monde et ses travers, par une comparaison jusqu’auboutiste.\r\n\r\nDécoupage original, rythme d’écriture, thèmes abordés: la maîtrise est là. \r\nDécouvrez des personnages hauts en couleurs dans une aventure délirante qui vous fera forcément réfléchir sur la direction que prend notre société.','2019-09-18 08:34:28',NULL,1,NULL,NULL,NULL),(34,'Chevalier des Sables','Un mélange des genres réussi, c\'est l\'union entre un contexte réaliste et bien documenté et des rebondissements nombreux et bien amenés. \r\n\r\nLes auteurs développent ici un univers ancré dans notre univers culturel et flirtant avec une mythologie fantastique surprenante. \r\n\r\nCe récit contraste avec un graphisme léger et coloré qui renforce l\'identification avec un héros attachant, plus intriguant qu\'il n\'y paraît. \r\nMultigénérationnel par essence, Chevalier des sables promet une grande aventure pleine d\'humour et de mystères.','2019-09-18 08:34:28',NULL,1,NULL,NULL,NULL),(36,'Bazardoz','En ville, un nouveau magasin vient d’ouvrir: le Bazardoz, un lieu où vous trouverez tout ce que vous cherchez!\r\n\r\nAvec un graphisme cartoonesque et dynamique, les auteurs développent une galerie de personnages attachants qui vont, au cours des pages, installer un univers cohérent et imaginatif.\r\n\r\nTout en bousculant les traditionnels clichés de la Fantasy, Bazardoz propose de découvrir l’envers des grandes quêtes d’Héroïc-Fantasy: la préparation du matériel qui précède un départ vers l’Aventure!\r\n\r\nPassant par tous les artefacts classiques -Dragons, Sortilèges, épées, armures, etc- nos héros vont aussi nous faire partager leur quotidien de simples commerçants, dans ce petit monde drôle et décalé!','2019-09-18 08:34:28',NULL,1,NULL,NULL,NULL),(37,'En attendant l\'aube','Les rêves sont la base de l’imagination. \r\n\r\nQuand les rêves et la réalité se mélangent, alors l’imaginaire n’a plus de limites…« En attendant l’aube » est un album qui joue justement sur ce seuil entre observation et imaginaire, entre réalité et fiction, en plaçant son personnage principal au carrefour de son passé, de son présent et de toutes les potentialités de sa créativité.\r\n\r\nAvec un dessin et des couleurs, originales et très proches de la gravure, « En attendant l’aube » nous plonge dans un monde à part; à la fois chaleureux et étouffant. \r\n\r\nPoursuivant dans cette voix, les dialogues amènent très vite le lecteur à entrer dans la tête du héros et l’identification est totale.\r\nUn album à la fois beau et surprenant.','2019-09-18 08:34:28',NULL,1,NULL,NULL,NULL),(47,'Chinpira','Le Shonen est un genre difficile: \r\nTrès codifiée et rythmée, la narration doit être fluide et dynamique. \r\n\r\nAvec Chinpira, l\'auteur nous propose un récit initiatique qui joue sur la découverte de soi.\r\n\r\nUn dessin affuté, un scénario qui s\'accélère d\'épisodes en épisodes, un héros au premier abord froid et distant mais qui se révèle touchant... \r\nTout est bien là pour emporter le lecteur dans un tourbillon d\'action et d\'humour!','2019-09-18 08:34:28',NULL,1,NULL,NULL,NULL),(49,'Shinobi Iri','Évoluant dans un Japon féodal, une jeune femme -issue d\'une famille très ancrée dans la tradition- décide de prendre son destin en main. \r\n\r\nUtilisant l\'anthropomorphie, l\'autrice a créé des personnages originaux et complexes. \r\n\r\nDéveloppant un message féministe et moderne, Shinobi Iri est une œuvre dynamique et attachante.','2019-09-18 08:34:28',NULL,1,NULL,NULL,NULL),(50,'Death Road','Harold: un héros solitaire, limite asocial, qui se trouve devoir supporter des esprits à longueur de journée.\r\n\r\nJasmine: une jeune ado insupportable, entourée d\'amis, qui ne cherche qu\'à compenser un parent trop absent.\r\n\r\nIl se trouve que l\'un est le père de l\'autre.\r\n\r\nDans ce récit Fantastique, les auteurs nous proposent un univers à la fois léger et sombre, triste mais fascinant.\r\nAvec un dessin coloré aux formes simples et un scénario dense et dramatique, ce récit provoque chez le spectateur un ressenti délicieusement contrasté.\r\n\r\nLe décalage du réel sert de révélateur pour construire des personnages attachants: \r\nDeath Road se place largement à la hauteur d\'histoires mythiques du cinéma Fantastique. ','2019-11-07 13:52:12',NULL,1,NULL,NULL,NULL),(51,'Toxic Boy','Un monde post-apocalyptique, un héros candide mais plein de surprises, de la violence, de l\'aventure... un univers à découvrir.\r\n\r\nL\'auteur, utilisant un style débridé et cartoonesque, propulse les codes du Manga dans ses retranchements: \r\nRiche et généreux, son écriture est vive et développe les seconds rôles sans oublier les mystères autour de son personnage principal.\r\n\r\nÀ la frontière de l\'anticipation et de la fable écologique, Toxic Boy n\'oublie pas de rester un divertissement de haute volée avec des personnages attachants.\r\n','2019-11-08 09:57:06',NULL,1,NULL,NULL,NULL),(52,'Missing','Enlèvements, meurtres, les flics d\'une petite ville Américaine se retrouvent au cœur d\'un mystère bien singulier.\r\n\r\nAvec un découpage acéré, un dessin réaliste et des dialogues ciselés, l\'auteur nous propose ici un récit digne d\'un film Noir tout-à-fait à la hauteur du savoir-faire Américain.\r\n\r\nSuivez l\'enquête et découvrez des personnages surprenants, baignants dans une ambiance que vous ne saurez plus quitter.\r\n\r\nReprendre les codes narratifs d\'un art (le Cinéma) et les utiliser dans un autre (la Bande Dessinée) est une prouesse à laquelle Will Argunas n\'hésites pas à se confronter: et c\'est une réussite!','2019-11-08 17:46:31',NULL,1,NULL,NULL,NULL),(53,'Harlem, sur la route du Diable','Quand un jeune garçon se retrouve en possession d\'une guitare tout-à-fait exceptionnelle, sa modeste vie est sur le point de devenir très intéressante... mais pas de tout repos!\r\n\r\nDrame Fantastique, ce récit d\'une beauté graphique indiscutable sait aussi se montrer tendre avec ses protagonistes: \r\nles auteurs nous emmènent dans un New York idéalisé, entre les années 50 et aujourd\'hui, avec des ambiances et des lumières d\'une douceur qui rappellent les notes de musiques d\'une mélodie.','2019-11-08 17:54:51',NULL,1,NULL,NULL,NULL),(55,'HellWest','Comme tous les mélanges de genres, Hell West s’aventure avec le Fantastique/Western dans une voie délicate: \r\nTrouver le juste milieu entre coller à la réalité Historique et tomber dans l’excès.\r\n\r\nLes Auteurs vont, dans cette uchronie, trouver un terrain de jeu équilibré:\r\nDes personnages forts, des situations rocambolesques et une galerie de personnages Historiques marquants, habilement détournés.\r\n\r\nAvec un graphisme en noir et blanc qui confère toute son élégance et son tranchant au genre Western, et un scénario plein de surprises qui sait captiver le lecteur, HellWest est une proposition moderne et séduisante des clichés mythiques de l’Histoire de la construction des États-Unis. \r\n','2019-11-08 18:02:24',NULL,1,NULL,NULL,NULL),(56,'Yggdrasil Sentaï','Un royaume médiéval où les légendes prennent naissance.\r\nUne troupe d\'aventuriers qui reviennent en ville.\r\nDes connaissances qui se retrouvent... et des complications qui démarrent pour nos personnages.\r\n\r\nUsant adroitement des codes du manga, l\'auteur nous emmène dans un univers d\'aventure qui n\'hésite pas à recouper nos préoccupations et thématiques contemporaines.\r\n\r\nDéveloppant des personnages touchants, cette histoire trouve un ton juste qui saura satisfaire les lecteurs en recherche de récits épiques et intimes.','2019-11-13 16:19:54',NULL,1,NULL,NULL,NULL),(57,'Promenons-nous dans les bois','Exercice classique s\'il-en-est, la réinterprétation de conte classique reste un travail délicat. \r\n\r\nL\'autrice, issue de cette génération d\'artistes très influencés par le manga décide de faire appel aux codes du genre. \r\n\r\nAvec un dessin maitrisé et un sens de la narration rythmé, elle choisi d\'y intégrer des termes plus personnels, féministes et modernes. \r\n\r\nRejoignez Axelle et Sarah, deux soeurs jumelles, dans la découverte de leurs sentiments et du danger qui les guette... ','2019-11-14 12:33:52',NULL,1,NULL,NULL,NULL),(58,'Feya','Dans un monde peuplé de personnages anthropomorphes aussi étonnants qu\'attachants, une nouvelle espèce fait son apparition.\r\n...et forcément des problèmes aussi, par la même occasion.\r\n\r\nL\'auteur propose une vision moderne sur un récit entre mythologie et conte, utilisant les codes du manga pour développer un vaste univers personnel et original.','2019-11-14 13:59:47',NULL,1,NULL,NULL,NULL),(59,'Siorn','Venu des steppes glacées, Siorn est un chef de clan. \r\nPour la survie de celui-ci, il tente de commettre un vol. prisonnier, il est contraint de passer un marché: \r\nen échange de sa liberté, Siorn devra ramener la tête d\'un autre chef.\r\n\r\nPour s’assurer qu’il ne s’enfuira pas à la première occasion, il est empoisonné, l’antidote lui sera délivré en échange du fameux “trophée”.\r\n\r\nCommence alors une quête des plus difficiles: ramener la tête d’un puissant chef de guerre adulé par son clan, actuellement en plein conflit.\r\nSiorn n’a plus rien à perdre : dans quelques jours, il sera mort.\r\n\r\nDans une ambiance à la Conan, les auteurs nous proposent une saga épique avec le souffle des plus grandes aventures!','2019-12-02 11:43:09',NULL,1,NULL,NULL,NULL),(60,'Aggren\'s Tales','Dans une grande ville, dans monde semblable au notre, vit Karayami Shin, un jeune lycéen prodige dans la pratique du kendo. \r\n\r\nSa vie était normale avant qu\'il ne soit le témoin d\'évènements extra-ordinaires qui l\'entraînent, en compagnie de son ami Masaru, dans un conflit qui les dépasse.\r\n\r\nFasciné par les univers de Ghibli, Harry Potter ou encore One piece, l\'auteur cherche ici à créer un manga captivant et immersif.','2019-12-02 12:03:36',NULL,1,NULL,NULL,NULL),(61,'Il était une fois...','Savoir communiquer un ressenti ou un état d’âme est un don rare, Davy Mourier en est le spécialiste. \r\n\r\nAvec son graphisme habituel, entre la simplification qui facilite l’identification et l’expressivité extrême de ses personnages, l’auteur nous emmène dans ses souvenirs. \r\n\r\nDes souvenirs qui ne peuvent que résonner chez le lecteur avec la force des occasions manquées et de la nostalgie de la jeunesse. ','2019-12-02 13:42:46',NULL,1,NULL,NULL,NULL),(62,'Bob & Dylan','Cette histoire de deux paumés au Nouveau-Mexique, coincés entre une mafia locale cupide, un tueur à gage sociopathe et un trésor, propose un portrait drôle et décalé des clichés habituels des codes du récit Noir.\r\n\r\nLes auteurs manifestent une tendresse évidente pour leurs personnages -même les pires- en développant en parallèle leurs démarches, leurs attitudes et leurs caractères. \r\nUn Road-Movie qui s\'inspire des univers décalés et sans pitié des frères Cohen et de Tarantino. \r\n\r\nRécit qui se construit par cycles de 3 ou 4 épisodes, de dialogues fleuris en illustrations ciselées, les aventures de Bob et Dylan sauront sans aucun doute vous rappeler le grand cinéma de genre Américain.','2019-12-02 14:35:06',NULL,1,NULL,NULL,NULL),(63,'Reverb','Si l\'équilibre est la juste proportion entre deux choses opposées, alors l\'équilibre mental devrait être la juste balance entre folie et raison.\r\n\r\nIan est atteint du Syndrome de Cotard, un état délirant qui associe idées de négation du corps/se croire mort ou -dans le cas de Ian- d\'immortalité. \r\n\r\nAprès de nombreuses tentatives de suicide -pour vérifier- et un long séjour en hôpital psychiatrique, il est déclaré apte à retrouver une vie stable, à grand coup de médocs et un suivi strict.\r\n\r\nMais alors qu\'il se rend à son rendez-vous avec son psy, une étrange rencontre va le pousser à se «tester» à nouveau...\r\n\r\n','2019-12-10 12:02:36',NULL,1,NULL,NULL,NULL);

--
-- Table structure for table `album_author`
--

CREATE TABLE `album_author` (
  `id` int(11) NOT NULL AUTO_INCREMENT,
  `album_id` int(11) NOT NULL,
  `activity_id` int(11) NOT NULL,
  `author_id` int(11) NOT NULL,
  PRIMARY KEY (`id`),
  KEY `IDX_6FD4E57F1137ABCF` (`album_id`),
  KEY `IDX_6FD4E57F81C06096` (`activity_id`),
  KEY `IDX_6FD4E57FF675F31B` (`author_id`),
  CONSTRAINT `FK_6FD4E57F1137ABCF` FOREIGN KEY (`album_id`) REFERENCES `album` (`id`),
  CONSTRAINT `FK_6FD4E57F81C06096` FOREIGN KEY (`activity_id`) REFERENCES `activity` (`id`),
  CONSTRAINT `FK_6FD4E57FF675F31B` FOREIGN KEY (`author_id`) REFERENCES `author` (`id`)
) ENGINE=InnoDB AUTO_INCREMENT=57 DEFAULT CHARSET=utf8mb4 COLLATE=utf8mb4_unicode_ci;

--
-- Dumping data for table `album_author`
--

INSERT INTO `album_author` VALUES (1,1,6,1),(2,1,5,2),(5,25,12,46),(6,3,5,8),(7,3,6,7),(9,49,12,53),(10,21,5,29),(11,21,6,28),(12,9,5,3),(13,9,6,4),(14,33,5,48),(15,33,6,47),(16,47,12,24),(17,34,6,51),(18,34,5,52),(19,18,12,33),(20,50,5,55),(21,50,6,54),(22,27,12,37),(23,51,12,56),(24,2,6,14),(25,2,5,6),(26,2,7,15),(27,11,5,18),(28,11,6,19),(29,37,6,41),(30,37,5,40),(31,52,12,57),(32,53,15,58),(33,53,5,55),(34,15,12,21),(35,55,5,22),(36,55,6,23),(37,56,12,59),(38,7,12,5),(40,57,12,61),(41,12,15,11),(42,12,5,12),(43,58,12,62),(45,59,5,6),(46,60,12,64),(47,36,5,39),(48,36,6,38),(49,59,6,65),(50,61,12,20),(52,62,5,36),(53,62,15,66),(54,24,12,20),(55,63,12,67),(56,12,5,68);

--
-- Table structure for table `album_genre`
--

CREATE TABLE `album_genre` (
  `album_id` int(11) NOT NULL,
  `genre_id` int(11) NOT NULL,
  PRIMARY KEY (`album_id`,`genre_id`),
  KEY `IDX_F5E879DE1137ABCF` (`album_id`),
  KEY `IDX_F5E879DE4296D31F` (`genre_id`),
  CONSTRAINT `FK_F5E879DE1137ABCF` FOREIGN KEY (`album_id`) REFERENCES `album` (`id`) ON DELETE CASCADE,
  CONSTRAINT `FK_F5E879DE4296D31F` FOREIGN KEY (`genre_id`) REFERENCES `genre` (`id`) ON DELETE CASCADE
) ENGINE=InnoDB DEFAULT CHARSET=utf8mb4 COLLATE=utf8mb4_unicode_ci;

--
-- Dumping data for table `album_genre`
--

INSERT INTO `album_genre` VALUES (1,1),(1,2),(1,3),(2,2),(2,7),(2,10),(2,20),(3,12),(7,1),(7,23),(7,30),(9,2),(9,23),(9,29),(11,18),(11,19),(11,27),(12,1),(12,6),(12,23),(15,1),(15,6),(15,30),(18,11),(18,30),(18,43),(21,19),(21,30),(21,43),(24,19),(24,27),(25,7),(25,19),(25,43),(27,19),(27,27),(27,43),(33,1),(33,2),(33,30),(34,2),(34,7),(34,10),(36,16),(36,30),(36,41),(37,2),(37,27),(37,43),(47,1),(47,3),(47,37),(49,2),(49,3),(49,10),(50,2),(50,7),(50,19),(51,1),(51,3),(51,12),(51,37),(52,19),(52,23),(52,43),(53,7),(53,19),(53,32),(55,2),(55,7),(55,10),(55,29),(56,2),(56,3),(56,11),(56,16),(57,2),(57,3),(57,16),(58,2),(58,3),(58,6),(58,30),(59,2),(59,16),(59,41),(60,3),(60,7),(60,37),(60,43),(61,11),(61,19),(61,27),(62,14),(62,19),(62,30),(63,2),(63,14),(63,43);

--
-- Table structure for table `author`
--

CREATE TABLE `author` (
  `id` int(11) NOT NULL AUTO_INCREMENT,
  `pseudo` varchar(255) COLLATE utf8mb4_unicode_ci NOT NULL,
  `firstname` varchar(255) COLLATE utf8mb4_unicode_ci NOT NULL,
  `lastname` varchar(255) COLLATE utf8mb4_unicode_ci NOT NULL,
  `photo` varchar(255) COLLATE utf8mb4_unicode_ci DEFAULT NULL,
  PRIMARY KEY (`id`)
) ENGINE=InnoDB AUTO_INCREMENT=69 DEFAULT CHARSET=utf8mb4 COLLATE=utf8mb4_unicode_ci;

--
-- Dumping data for table `author`
--

INSERT INTO `author` VALUES (1,'GRELIN','Brice','de Ravel',NULL),(2,'Mathieu MARIOLLE','Mathieu','Mariolle',NULL),(3,'Nicolas DELESTRET','Nicolas','DELESTRET',NULL),(4,'Rodéric VALAMBOIS','Rodéric','VALAMBOIS',NULL),(5,'Hervé CREAC\'H','Hervé','CREACH',NULL),(6,'Sébastien VIOZAT','Sébastien','VIOZAT',NULL),(7,'Pascal CATAYE','Pascal','CATAYE',NULL),(8,'Caroline GONZALES','Caroline','GONZALES',NULL),(9,'Frédéric PHAM CHUONG','Frédéric','PHAM CHUONG',NULL),(10,'Alan BARTE','Allan','BARTE',NULL),(11,'Arnaud BOUDOIRON','Arnaud','BOUDOIRON',NULL),(12,'Frédéric LHOMME','Frédéric','L\'HOMME',NULL),(13,'PIRATESOURCIL','Thomas','TUYBENS',NULL),(14,'Antoine BRIVET','Antoine','BRIVET',NULL),(15,'Virginie BLANCHER','Virginie','BLANCHER',NULL),(16,'WALTCH','Pierre','Waltch',NULL),(17,'GEOFFO','Geoffo','Panda',NULL),(18,'Antoine KIRSCH','Antoine','Kirsch',NULL),(19,'Grégoire BONNE','Grégoire','Bonne',NULL),(20,'Davy MOURIER','Davy','Mourier',NULL),(21,'Éric HERENGUEL','Eric','HERENGUEL',NULL),(22,'Thierry LAMY','Thierry','Lamy',NULL),(23,'Frédéric VERVISCH','Frédéric','Vervisch',NULL),(24,'ISHISAMA','Ludwig','Vasbinder',NULL),(26,'François DUPRAT','François','Duprat',NULL),(27,'CED','Cédric','ASNA',NULL),(28,'Alexandre ARLÈNE','Alexandre','Arlène',NULL),(29,'Nicolas HEURTEL','Nicolas','Heurtel',NULL),(31,'KEK','Kevin','NAVE',NULL),(32,'JLMast','Jean-Louis','Reiprich',NULL),(33,'JIBÉ','Jean-Baptiste','pollien',NULL),(34,'BALAK','Yves','Bigerel',NULL),(36,'mOTUS','Olivier ','Motte',NULL),(37,'Richard DI MARTINO','Richard','DIMARTINO',NULL),(38,'Philippe FENECH','Philippe','Fenech',NULL),(39,'Pierre GRIMBERT','Pierre','Grimbert',NULL),(40,'Frédéric CHABAUD','Frédéric','Chabaud',NULL),(41,'Julien MONIER','Julien','Monier',NULL),(42,'DRANÉOUF','Marc','Fouenard',NULL),(43,'Geoffroy MONDE','Geoffroy','Monde',NULL),(44,'NICOLIN','Nicolas','Mazière',NULL),(45,'Julien LOÏS','Julien','Loïs',NULL),(46,'Raoul PAOLI','Raoul','PAOLI',NULL),(47,'NIRO','Nicolas','Roux',NULL),(48,'LEDOUBLE','Jérôme','Fournol',NULL),(49,'Alain MUÑOZ','alain','munoz',NULL),(50,'Giovanni JOUZEAU','Giovanni','JOUZEAU',NULL),(51,'Robin RAFFALLI','Robin','RAFFALLI',NULL),(52,'Fabien GROLLEAU','Fabien','GROLLEAU',NULL),(53,'LEEN','Laureleen','Latour',NULL),(54,'José GARCIA','José','Garcia',NULL),(55,'David BORIAU','David','Boriau',NULL),(56,'XAVIER','Xavier','Henrion',NULL),(57,'Will ARGUNAS','GUILLOIS','Arnaud',NULL),(58,'GOUM','Mutombo','Benjamin',NULL),(59,'Romain HUET','Romain','Huet',NULL),(60,'Hervé CREAC\'H','Hervé','Créac\'h',NULL),(61,'ELAIRIN','Camille','Boulestin',NULL),(62,'Marc LATASTE','Marc','Lataste',NULL),(64,'Naokuren','Joshua','Popotte',NULL),(65,'Morgann TANCO','Morgan','Tanière-Commet',NULL),(66,'DJRK','Jérémy','Courcelles',NULL),(67,'TOKI','Bruno','PIRON',NULL),(68,'LOUIS','Stéphane','LOUIS',NULL);

--
-- Table structure for table `comment`
--

CREATE TABLE `comment` (
  `id` int(11) NOT NULL AUTO_INCREMENT,
  `user_id` int(11) NOT NULL,
  `episode_id` int(11) NOT NULL,
  `text` longtext COLLATE utf8mb4_unicode_ci NOT NULL,
  `creation_date` datetime NOT NULL,
  `modification_date` datetime DEFAULT NULL,
  `reply_to` int(11) DEFAULT NULL,
  PRIMARY KEY (`id`),
  KEY `IDX_9474526CA76ED395` (`user_id`),
  KEY `IDX_9474526C362B62A0` (`episode_id`),
  CONSTRAINT `FK_9474526C362B62A0` FOREIGN KEY (`episode_id`) REFERENCES `episode` (`id`),
  CONSTRAINT `FK_9474526CA76ED395` FOREIGN KEY (`user_id`) REFERENCES `user` (`id`)
) ENGINE=InnoDB DEFAULT CHARSET=utf8mb4 COLLATE=utf8mb4_unicode_ci;

--
-- Dumping data for table `comment`
--


--
-- Table structure for table `episode`
--

CREATE TABLE `episode` (
  `id` int(11) NOT NULL AUTO_INCREMENT,
  `album_id` int(11) NOT NULL,
  `number` int(11) NOT NULL,
  `description` longtext COLLATE utf8mb4_unicode_ci,
  `publish_date` datetime DEFAULT NULL,
  `creation_date` datetime NOT NULL,
  `subtitle` varchar(255) COLLATE utf8mb4_unicode_ci NOT NULL,
  `isbn` varchar(25) COLLATE utf8mb4_unicode_ci DEFAULT NULL,
  `ean` varchar(255) COLLATE utf8mb4_unicode_ci DEFAULT NULL,
  `url` varchar(255) COLLATE utf8mb4_unicode_ci NOT NULL,
  `images` longtext COLLATE utf8mb4_unicode_ci COMMENT '(DC2Type:array)',
  `cover` varchar(255) COLLATE utf8mb4_unicode_ci DEFAULT NULL,
  `percentage` int(11) DEFAULT NULL,
  PRIMARY KEY (`id`),
  KEY `IDX_DDAA1CDA1137ABCF` (`album_id`),
  CONSTRAINT `FK_DDAA1CDA1137ABCF` FOREIGN KEY (`album_id`) REFERENCES `album` (`id`)
) ENGINE=InnoDB AUTO_INCREMENT=449 DEFAULT CHARSET=utf8mb4 COLLATE=utf8mb4_unicode_ci;

--
-- Dumping data for table `episode`
--

INSERT INTO `episode` VALUES (1,1,1,NULL,'2019-09-01 00:00:00','2019-09-18 09:10:41','Episode 1',NULL,NULL,'Hazard01_ep01','a:0:{}',NULL,NULL),(2,24,1,NULL,'2019-11-12 00:00:00','2019-09-20 10:00:24','Episode 1',NULL,NULL,'Mouarf_Episode_1','a:0:{}',NULL,NULL),(3,24,2,NULL,'2020-03-20 00:00:00','2019-09-20 10:00:33','Episode 2',NULL,NULL,'Mouarf_Episode_2','a:0:{}',NULL,NULL),(4,1,2,NULL,'2020-03-19 00:00:00','2019-09-20 10:46:57','Episode 2',NULL,NULL,'Hazard_Episode_2','a:0:{}',NULL,NULL),(5,25,1,NULL,'2019-11-13 00:00:00','2019-09-20 11:30:50','Episode 1',NULL,NULL,'Fantastic_ep01','a:0:{}',NULL,NULL),(6,25,2,NULL,'2020-03-19 00:00:00','2019-09-20 11:30:57','Episode 2',NULL,NULL,'Fantastic_Stories_Episode_2','a:0:{}',NULL,NULL),(7,3,1,NULL,NULL,'2019-09-20 12:09:09','Episode 1',NULL,NULL,'END_Episode_1','a:0:{}',NULL,NULL),(8,1,3,NULL,'2020-03-19 00:00:00','2019-09-22 13:42:55','Episode 3',NULL,NULL,'Hazard_Episode_3','a:0:{}',NULL,NULL),(9,15,1,NULL,'2019-11-12 00:00:00','2019-09-23 09:23:05','Episode 1',NULL,NULL,'Killiwatch_Episode_1','a:0:{}',NULL,NULL),(10,15,2,NULL,'2020-03-19 00:00:00','2019-09-23 09:23:45','Episode 2',NULL,NULL,'Killiwatch_Episode_2','a:0:{}',NULL,NULL),(11,15,3,NULL,'2020-03-19 00:00:00','2019-09-23 09:39:58','Episode 3',NULL,NULL,'Killiwatch_Episode_3','a:0:{}',NULL,NULL),(12,15,4,NULL,NULL,'2019-09-23 09:40:14','Episode 4',NULL,NULL,'Kiliwatch_ep04','a:0:{}',NULL,NULL),(13,15,5,NULL,NULL,'2019-09-23 09:40:20','Episode 5',NULL,NULL,'Kiliwatch_ep05','a:0:{}',NULL,NULL),(14,15,6,NULL,NULL,'2019-09-23 09:40:28','Episode 6',NULL,NULL,'Kiliwatch_ep06','a:0:{}',NULL,NULL),(15,15,7,NULL,NULL,'2019-09-23 09:40:53','Episode 7',NULL,NULL,'Kiliwatch_ep07','a:0:{}',NULL,NULL),(16,15,8,NULL,NULL,'2019-09-23 09:40:58','Episode 8',NULL,NULL,'Kiliwatch_ep08','a:0:{}',NULL,NULL),(17,15,9,NULL,NULL,'2019-09-23 09:41:04','Episode 9',NULL,NULL,'Kiliwatch_ep09','a:0:{}',NULL,NULL),(18,15,10,NULL,NULL,'2019-09-23 09:41:10','Episode 10',NULL,NULL,'Kiliwatch_ep10','a:0:{}',NULL,NULL),(19,15,11,NULL,NULL,'2019-09-23 09:41:16','Episode 11',NULL,NULL,'Kiliwatch_ep11','a:0:{}',NULL,NULL),(20,15,12,NULL,NULL,'2019-09-23 09:41:21','Episode 12',NULL,NULL,'Kiliwatch_ep12','a:0:{}',NULL,NULL),(21,15,13,NULL,NULL,'2019-09-23 09:41:27','Episode 13',NULL,NULL,'Kiliwatch_ep13','a:0:{}',NULL,NULL),(22,49,1,NULL,'2019-07-11 00:00:00','2019-09-23 09:49:00','Episode 1',NULL,NULL,'Shinobi_ep01','a:0:{}',NULL,NULL),(23,49,2,NULL,'2020-03-20 00:00:00','2019-09-23 09:49:09','Episode 2',NULL,NULL,'Shinobi_Iri_Episode_2','a:0:{}',NULL,NULL),(24,49,3,NULL,'2020-03-20 00:00:00','2019-09-23 09:49:40','Episode 3',NULL,NULL,'Shinobi_Iri_Episode_3','a:0:{}',NULL,NULL),(25,49,4,NULL,NULL,'2019-09-23 09:49:46','Episode 4',NULL,NULL,'Shinobi_ep04','a:0:{}',NULL,NULL),(26,49,5,NULL,NULL,'2019-09-23 09:51:37','Episode 5',NULL,NULL,'Shinobi_ep05','a:0:{}',NULL,NULL),(27,49,6,NULL,NULL,'2019-09-23 09:51:42','Episode 6',NULL,NULL,'Shinobi_ep06','a:0:{}',NULL,NULL),(28,49,7,NULL,NULL,'2019-09-23 09:51:47','Episode 7',NULL,NULL,'Shinobi_ep07','a:0:{}',NULL,NULL),(29,49,8,NULL,NULL,'2019-09-23 09:52:09','Episode 8',NULL,NULL,'Shinobi_ep08','a:0:{}',NULL,NULL),(30,49,9,NULL,NULL,'2019-09-23 09:52:14','Episode 9',NULL,NULL,'Shinobi_ep09','a:0:{}',NULL,NULL),(31,49,10,NULL,NULL,'2019-09-23 09:52:20','Episode 10',NULL,NULL,'Shinobi_ep10','a:0:{}',NULL,NULL),(32,49,11,NULL,NULL,'2019-09-23 09:52:25','Episode 11',NULL,NULL,'Shinobi_ep11','a:0:{}',NULL,NULL),(33,49,12,NULL,NULL,'2019-09-23 09:52:29','Episode 12',NULL,NULL,'Shinobi_ep12','a:0:{}',NULL,NULL),(34,49,13,NULL,NULL,'2019-09-23 09:52:34','Episode 13',NULL,NULL,'Shinobi_ep13','a:0:{}',NULL,NULL),(35,49,14,NULL,NULL,'2019-09-23 09:52:39','Episode 14',NULL,NULL,'Shinobi_ep14','a:0:{}',NULL,NULL),(36,49,15,NULL,NULL,'2019-09-23 09:52:45','Episode 15',NULL,NULL,'Shinobi_ep15','a:0:{}',NULL,NULL),(37,49,16,NULL,NULL,'2019-09-23 09:52:50','Episode 16',NULL,NULL,'Shinobi_ep16','a:0:{}',NULL,NULL),(38,49,17,NULL,NULL,'2019-09-23 09:52:54','Episode 17',NULL,NULL,'Shinobi_ep17','a:0:{}',NULL,NULL),(39,49,18,NULL,NULL,'2019-09-23 09:53:00','Episode 18',NULL,NULL,'Shinobi_ep18','a:0:{}',NULL,NULL),(40,21,1,NULL,'2019-09-23 09:00:00','2019-09-23 09:59:26','Episode 1',NULL,NULL,'Bleue_ep01','a:0:{}',NULL,NULL),(41,21,2,NULL,'2020-03-20 00:00:00','2019-09-23 10:02:37','Episode 2',NULL,NULL,'Bleue_Episode_2','a:0:{}',NULL,NULL),(42,21,3,NULL,'2020-03-20 00:00:00','2019-09-23 10:02:47','Episode 3',NULL,NULL,'Bleue_Episode_3','a:0:{}',NULL,NULL),(43,21,4,NULL,NULL,'2019-09-23 10:03:01','Episode 4',NULL,NULL,'Bleue_ep04','a:0:{}',NULL,NULL),(44,21,5,NULL,NULL,'2019-09-23 10:03:06','Episode 5',NULL,NULL,'Bleue_ep05','a:0:{}',NULL,NULL),(45,21,6,NULL,NULL,'2019-09-23 10:03:11','Episode 6',NULL,NULL,'Bleue_ep06','a:0:{}',NULL,NULL),(46,21,7,NULL,NULL,'2019-09-23 10:03:16','Episode 7',NULL,NULL,'Bleue_ep07','a:0:{}',NULL,NULL),(47,21,8,NULL,NULL,'2019-09-23 10:03:20','Episode 8',NULL,NULL,'Bleue_ep08','a:0:{}',NULL,NULL),(48,21,9,NULL,NULL,'2019-09-23 10:03:26','Episode 9',NULL,NULL,'Bleue_ep09','a:0:{}',NULL,NULL),(49,21,10,NULL,NULL,'2019-09-23 10:03:32','Episode 10',NULL,NULL,'Bleue_ep10','a:0:{}',NULL,NULL),(50,3,2,NULL,NULL,'2019-09-23 10:06:37','Episode 2',NULL,NULL,'END_Episode_2','a:0:{}',NULL,NULL),(51,3,3,NULL,NULL,'2019-09-23 10:06:48','Episode 3',NULL,NULL,'END_Episode_3','a:0:{}',NULL,NULL),(52,3,4,NULL,NULL,'2019-09-23 10:06:53','Episode 4',NULL,NULL,'End_ep04','a:0:{}',NULL,NULL),(53,1,4,NULL,NULL,'2019-09-23 10:17:25','Episode 4',NULL,NULL,'Hazard01_ep04','a:0:{}',NULL,NULL),(54,1,5,NULL,NULL,'2019-09-23 10:18:19','Episode 5',NULL,NULL,'Hazard01_ep05','a:0:{}',NULL,NULL),(55,1,6,NULL,NULL,'2019-09-23 10:18:24','Episode 6',NULL,NULL,'Hazard01_ep06','a:0:{}',NULL,NULL),(56,1,7,NULL,NULL,'2019-09-23 10:18:29','Episode 7',NULL,NULL,'Hazard01_ep07','a:0:{}',NULL,NULL),(57,1,8,NULL,NULL,'2019-09-23 10:18:34','Episode 8',NULL,NULL,'Hazard01_ep08','a:0:{}',NULL,NULL),(58,1,9,NULL,NULL,'2019-09-23 10:18:40','Episode 9',NULL,NULL,'Hazard01_ep09','a:0:{}',NULL,NULL),(59,1,10,NULL,NULL,'2019-09-23 10:18:45','Episode 10',NULL,NULL,'Hazard01_ep10','a:0:{}',NULL,NULL),(60,1,11,NULL,NULL,'2019-09-23 10:18:50','Episode 11',NULL,NULL,'Hazard01_ep11','a:0:{}',NULL,NULL),(61,1,12,NULL,NULL,'2019-09-23 10:18:56','Episode 12',NULL,NULL,'Hazard01_ep12','a:0:{}',NULL,NULL),(62,1,13,NULL,NULL,'2019-09-23 10:19:01','Episode 13',NULL,NULL,'Hazard01_ep13','a:0:{}',NULL,NULL),(63,1,14,NULL,NULL,'2019-09-23 10:19:05','Episode 14',NULL,NULL,'Hazard01_ep14','a:0:{}',NULL,NULL),(64,1,15,NULL,NULL,'2019-09-23 10:19:08','Episode 15',NULL,NULL,'Hazard01_ep15','a:0:{}',NULL,NULL),(65,1,16,NULL,NULL,'2019-09-23 10:19:13','Episode 16',NULL,NULL,'Hazard01_ep16','a:0:{}',NULL,NULL),(66,1,17,NULL,NULL,'2019-09-23 10:19:18','Episode 17',NULL,NULL,'Hazard01_ep17','a:0:{}',NULL,NULL),(67,9,1,NULL,'2019-09-24 00:00:00','2019-09-24 13:33:45','Episode 1',NULL,NULL,'Andrew_Barrymore_Episode_1','a:0:{}',NULL,NULL),(68,9,2,NULL,'2020-03-18 00:00:00','2019-09-24 13:33:51','Episode 2',NULL,NULL,'Andrew_Barrymore_Episode_2','a:0:{}',NULL,NULL),(69,9,3,NULL,'2020-03-19 00:00:00','2019-09-24 13:33:57','Episode 3',NULL,NULL,'Andrew_Barrymore_Episode_3','a:0:{}',NULL,NULL),(70,9,4,NULL,NULL,'2019-09-24 13:34:05','Episode 4',NULL,NULL,'Barrymore_ep04','a:0:{}',NULL,NULL),(71,9,5,NULL,NULL,'2019-09-24 13:34:11','Episode 5',NULL,NULL,'Barrymore_ep05','a:0:{}',NULL,NULL),(72,9,6,NULL,NULL,'2019-09-24 13:34:17','Episode 6',NULL,NULL,'Barrymore_ep06','a:0:{}',NULL,NULL),(73,9,7,NULL,NULL,'2019-09-24 13:34:22','Episode 7',NULL,NULL,'Barrymore_ep07','a:0:{}',NULL,NULL),(74,9,8,NULL,NULL,'2019-09-24 13:34:27','Episode 8',NULL,NULL,'Barrymore_ep08','a:0:{}',NULL,NULL),(75,9,9,NULL,NULL,'2019-09-24 13:34:34','Episode 9',NULL,NULL,'Barrymore_ep09','a:0:{}',NULL,NULL),(76,9,10,NULL,NULL,'2019-09-24 13:34:44','Episode 10',NULL,NULL,'Barrymore_ep10','a:0:{}',NULL,NULL),(77,9,11,NULL,NULL,'2019-09-24 13:34:49','Episode 11',NULL,NULL,'Barrymore_ep11','a:0:{}',NULL,NULL),(78,9,12,NULL,NULL,'2019-09-24 13:34:53','Episode 12',NULL,NULL,'Barrymore_ep12','a:0:{}',NULL,NULL),(79,9,13,NULL,NULL,'2019-09-24 13:34:59','Episode 13',NULL,NULL,'Barrymore_ep13','a:0:{}',NULL,NULL),(80,9,14,NULL,NULL,'2019-09-24 13:35:04','Episode 14',NULL,NULL,'Barrymore_ep14','a:0:{}',NULL,NULL),(81,9,15,NULL,NULL,'2019-09-24 13:35:09','Episode 15',NULL,NULL,'Barrymore_ep15','a:0:{}',NULL,NULL),(82,9,16,NULL,NULL,'2019-09-24 13:35:15','Episode 16',NULL,NULL,'Barrymore_ep16','a:0:{}',NULL,NULL),(83,9,17,NULL,NULL,'2019-09-24 13:35:20','Episode 17',NULL,NULL,'Barrymore_ep17','a:0:{}',NULL,NULL),(84,9,18,NULL,NULL,'2019-09-24 13:35:24','Episode 18',NULL,NULL,'Barrymore_ep18','a:0:{}',NULL,NULL),(85,9,19,NULL,NULL,'2019-09-24 13:35:29','Episode 19',NULL,NULL,'Barrymore_ep19','a:0:{}',NULL,NULL),(86,9,20,NULL,NULL,'2019-09-24 13:35:40','Episode 20',NULL,NULL,'Barrymore_ep20','a:0:{}',NULL,NULL),(87,9,21,NULL,NULL,'2019-09-24 13:35:45','Episode 21',NULL,NULL,'Barrymore_ep21','a:0:{}',NULL,NULL),(88,9,22,NULL,NULL,'2019-09-24 13:35:50','Episode 22',NULL,NULL,'Barrymore_ep22','a:0:{}',NULL,NULL),(89,9,23,NULL,NULL,'2019-09-24 13:35:54','Episode 23',NULL,NULL,'Barrymore_ep23','a:0:{}',NULL,NULL),(90,9,24,NULL,NULL,'2019-09-24 13:35:59','Episode 24',NULL,NULL,'Barrymore_ep24','a:0:{}',NULL,NULL),(91,9,25,NULL,NULL,'2019-09-24 13:36:07','Episode 25',NULL,NULL,'Barrymore_ep25','a:0:{}',NULL,NULL),(92,9,26,NULL,NULL,'2019-09-24 13:36:13','Episode 26',NULL,NULL,'Barrymore_ep26','a:0:{}',NULL,NULL),(93,9,27,NULL,NULL,'2019-09-24 13:36:17','Episode 27',NULL,NULL,'Barrymore_ep27','a:0:{}',NULL,NULL),(94,33,1,NULL,'2019-12-11 00:00:00','2019-09-24 14:03:53','Episode 1',NULL,NULL,'Friskoz_Episode_1','a:0:{}',NULL,NULL),(95,33,2,NULL,'2020-03-19 00:00:00','2019-09-24 14:04:00','Episode 2',NULL,NULL,'Friskoz_Episode_2','a:0:{}',NULL,NULL),(96,33,3,NULL,'2020-03-19 00:00:00','2019-09-24 14:04:17','Episode 3',NULL,NULL,'Friskoz_Episode_3','a:0:{}',NULL,NULL),(97,33,4,NULL,NULL,'2019-09-24 14:04:24','Episode 4',NULL,NULL,'Friskoz_ep04','a:0:{}',NULL,NULL),(98,33,5,NULL,NULL,'2019-09-24 14:04:30','Episode 5',NULL,NULL,'Friskoz_ep05','a:0:{}',NULL,NULL),(99,33,6,NULL,NULL,'2019-09-24 14:04:38','Episode 6',NULL,NULL,'Friskoz_ep06','a:0:{}',NULL,NULL),(100,33,7,NULL,NULL,'2019-09-24 14:04:43','Episode 7',NULL,NULL,'Friskoz_ep07','a:0:{}',NULL,NULL),(101,33,8,NULL,NULL,'2019-09-24 14:04:49','Episode 8',NULL,NULL,'Friskoz_ep08','a:0:{}',NULL,NULL),(102,33,9,NULL,NULL,'2019-09-24 14:04:55','Episode 9',NULL,NULL,'Friskoz_ep09','a:0:{}',NULL,NULL),(103,33,10,NULL,NULL,'2019-09-24 14:05:01','Episode 10',NULL,NULL,'Friskoz_ep10','a:0:{}',NULL,NULL),(104,33,11,NULL,NULL,'2019-09-24 14:05:07','Episode 11',NULL,NULL,'Friskoz_ep11','a:0:{}',NULL,NULL),(105,33,12,NULL,NULL,'2019-09-24 14:05:12','Episode 12',NULL,NULL,'Friskoz_ep12','a:0:{}',NULL,NULL),(106,37,1,NULL,'2019-09-24 09:00:12','2019-09-24 14:12:42','Episode 1',NULL,NULL,'Aube_ep01','a:0:{}',NULL,NULL),(107,37,2,NULL,'2020-03-19 00:00:00','2019-09-24 14:12:48','Episode 2',NULL,NULL,'En_attendant_l\'aube_Episode_2','a:0:{}',NULL,NULL),(108,37,3,NULL,NULL,'2019-09-24 14:13:09','Episode 3',NULL,NULL,'Aube_ep03','a:0:{}',NULL,NULL),(109,37,4,NULL,NULL,'2019-09-24 14:13:15','Episode 4',NULL,NULL,'Aube_ep04','a:0:{}',NULL,NULL),(110,37,5,NULL,NULL,'2019-09-24 14:13:22','Episode 5',NULL,NULL,'Aube_ep05','a:0:{}',NULL,NULL),(111,37,6,NULL,NULL,'2019-09-24 14:13:27','Episode 6',NULL,NULL,'Aube_ep06','a:0:{}',NULL,NULL),(112,37,7,NULL,NULL,'2019-09-24 14:13:33','Episode 7',NULL,NULL,'Aube_ep07','a:0:{}',NULL,NULL),(113,37,8,NULL,NULL,'2019-09-24 14:13:40','Episode 8',NULL,NULL,'Aube_ep08','a:0:{}',NULL,NULL),(114,37,9,NULL,NULL,'2019-09-24 14:13:46','Episode 9',NULL,NULL,'Aube_ep09','a:0:{}',NULL,NULL),(115,37,10,NULL,NULL,'2019-09-24 14:13:53','Episode 10',NULL,NULL,'Aube_ep10','a:0:{}',NULL,NULL),(116,37,11,NULL,NULL,'2019-09-24 14:13:59','Episode 11',NULL,NULL,'Aube_ep11','a:0:{}',NULL,NULL),(117,37,12,NULL,NULL,'2019-09-24 14:14:06','Episode 12',NULL,NULL,'Aube_ep12','a:0:{}',NULL,NULL),(118,37,13,NULL,NULL,'2019-09-24 14:14:12','Episode 13',NULL,NULL,'Aube_ep13','a:0:{}',NULL,NULL),(119,37,14,NULL,NULL,'2019-09-24 14:14:18','Episode 14',NULL,NULL,'Aube_ep14','a:0:{}',NULL,NULL),(120,37,15,NULL,NULL,'2019-09-24 14:14:25','Episode 15',NULL,NULL,'Aube_ep15','a:0:{}',NULL,NULL),(121,37,16,NULL,NULL,'2019-09-24 14:14:31','Episode 16',NULL,NULL,'Aube_ep16','a:0:{}',NULL,NULL),(122,37,17,NULL,NULL,'2019-09-24 14:14:38','Episode 17',NULL,NULL,'Aube_ep17','a:0:{}',NULL,NULL),(123,37,18,NULL,NULL,'2019-09-24 14:14:49','Episode 18',NULL,NULL,'Aube_ep18','a:0:{}',NULL,NULL),(124,37,19,NULL,NULL,'2019-09-24 14:15:02','Episode 19',NULL,NULL,'Aube_ep19','a:0:{}',NULL,NULL),(125,37,20,NULL,NULL,'2019-09-24 14:15:09','Episode 20',NULL,NULL,'Aube_ep20','a:0:{}',NULL,NULL),(126,47,1,NULL,'2019-07-11 00:00:00','2019-09-24 14:24:49','Episode 1',NULL,NULL,'Chinpira_Episode_1','a:0:{}',NULL,NULL),(127,47,2,NULL,'2020-03-20 00:00:00','2019-09-24 14:24:57','Episode 2',NULL,NULL,'Chinpira_Episode_2','a:0:{}',NULL,NULL),(128,47,3,NULL,'2020-03-20 00:00:00','2019-09-24 14:25:04','Episode 3',NULL,NULL,'Chinpira_Episode_3','a:0:{}',NULL,NULL),(129,47,4,NULL,NULL,'2019-09-24 14:25:27','Episode 4',NULL,NULL,'Chinpira_ep04','a:0:{}',NULL,NULL),(130,47,5,NULL,NULL,'2019-09-24 14:25:31','Episode 5',NULL,NULL,'Chinpira_ep05','a:0:{}',NULL,NULL),(131,47,6,NULL,NULL,'2019-09-24 14:25:37','Episode 6',NULL,NULL,'Chinpira_ep06','a:0:{}',NULL,NULL),(132,47,7,NULL,NULL,'2019-09-24 14:25:42','Episode 7',NULL,NULL,'Chinpira_ep07','a:0:{}',NULL,NULL),(133,47,8,NULL,NULL,'2019-09-24 14:25:47','Episode 8',NULL,NULL,'Chinpira_ep08','a:0:{}',NULL,NULL),(134,47,9,NULL,NULL,'2019-09-24 14:25:55','Episode 9',NULL,NULL,'Chinpira_ep09','a:0:{}',NULL,NULL),(135,47,10,NULL,NULL,'2019-09-24 14:26:01','Episode 10',NULL,NULL,'Chinpira_ep10','a:0:{}',NULL,NULL),(136,34,1,NULL,'2019-09-26 00:00:00','2019-09-26 12:47:50','Episode 1',NULL,NULL,'chevalierdessables_ep01','a:0:{}',NULL,NULL),(137,34,2,NULL,'2020-03-20 00:00:00','2019-09-26 12:47:50','Episode 2',NULL,NULL,'Chevalier_des_sables_Episode_2','a:0:{}',NULL,NULL),(138,34,3,NULL,'2020-03-20 00:00:00','2019-09-26 12:47:50','Episode 3',NULL,NULL,'Chevalier_des_sables_Episode_3','a:0:{}',NULL,NULL),(139,34,4,NULL,NULL,'2019-09-26 12:47:50','Episode 4',NULL,NULL,'chevalierdessables_ep04','a:0:{}',NULL,NULL),(140,34,5,NULL,NULL,'2019-09-26 12:47:50','Episode 5',NULL,NULL,'chevalierdessables_ep05','a:0:{}',NULL,NULL),(141,18,1,NULL,'2019-12-11 00:00:00','2019-09-27 13:01:29','Episode 1',NULL,NULL,'al\'est_ep01','a:0:{}',NULL,NULL),(142,18,2,NULL,'2019-02-19 00:00:00','2019-09-27 13:01:29','Episode 2',NULL,NULL,'A_l\'est_Episode_2','a:0:{}',NULL,NULL),(143,18,3,NULL,'2020-03-19 00:00:00','2019-09-27 13:01:29','Episode 3',NULL,NULL,'A_l\'est_Episode_3','a:0:{}',NULL,NULL),(144,18,4,NULL,NULL,'2019-09-27 13:01:29','Episode 4',NULL,NULL,'al\'est_ep04','a:0:{}',NULL,NULL),(145,18,5,NULL,NULL,'2019-09-27 13:01:29','Episode 5',NULL,NULL,'al\'est_ep05','a:0:{}',NULL,NULL),(146,18,6,NULL,NULL,'2019-09-27 13:01:29','Episode 6',NULL,NULL,'al\'est_ep06','a:0:{}',NULL,NULL),(147,18,7,NULL,NULL,'2019-09-27 13:01:29','Episode 7',NULL,NULL,'al\'est_ep07','a:0:{}',NULL,NULL),(148,18,8,NULL,NULL,'2019-09-27 13:01:29','Episode 8',NULL,NULL,'al\'est_ep08','a:0:{}',NULL,NULL),(149,18,9,NULL,NULL,'2019-09-27 13:01:29','Episode 9',NULL,NULL,'al\'est_ep09','a:0:{}',NULL,NULL),(150,18,10,NULL,NULL,'2019-09-27 13:01:29','Episode 10',NULL,NULL,'al\'est_ep10','a:0:{}',NULL,NULL),(151,50,1,NULL,'2019-07-11 00:00:00','2019-11-07 14:34:38','Episode 1',NULL,NULL,'Death_Road_Episode_1','a:0:{}',NULL,NULL),(152,50,2,NULL,'2020-03-19 00:00:00','2019-11-07 14:34:38','Episode 2',NULL,NULL,'Death_Road_Episode_2','a:0:{}',NULL,NULL),(153,50,3,NULL,'2020-03-19 00:00:00','2019-11-07 14:34:38','Episode 3',NULL,NULL,'Death_Road_Episode_3','a:0:{}',NULL,NULL),(154,50,4,NULL,NULL,'2019-11-07 14:34:38','Episode 4',NULL,NULL,'deathroad_ep04','a:0:{}',NULL,NULL),(155,50,5,NULL,NULL,'2019-11-07 14:34:38','Episode 5',NULL,NULL,'deathroad_ep05','a:0:{}',NULL,NULL),(156,50,6,NULL,NULL,'2019-11-07 14:34:38','Episode 6',NULL,NULL,'deathroad_ep06','a:0:{}',NULL,NULL),(157,50,7,NULL,NULL,'2019-11-07 14:34:38','Episode 7',NULL,NULL,'deathroad_ep07','a:0:{}',NULL,NULL),(158,50,8,NULL,NULL,'2019-11-07 14:34:38','Episode 8',NULL,NULL,'deathroad_ep08','a:0:{}',NULL,NULL),(159,50,9,NULL,NULL,'2019-11-07 14:34:38','Episode 9',NULL,NULL,'deathroad_ep09','a:0:{}',NULL,NULL),(160,50,10,NULL,NULL,'2019-11-07 14:34:38','Episode 10',NULL,NULL,'deathroad_ep10','a:0:{}',NULL,NULL),(161,50,11,NULL,NULL,'2019-11-07 14:34:38','Episode 11',NULL,NULL,'deathroad_ep11','a:0:{}',NULL,NULL),(162,50,12,NULL,NULL,'2019-11-07 14:34:38','Episode 12',NULL,NULL,'deathroad_ep12','a:0:{}',NULL,NULL),(163,50,13,NULL,NULL,'2019-11-07 14:34:38','Episode 13',NULL,NULL,'deathroad_ep13','a:0:{}',NULL,NULL),(164,50,14,NULL,NULL,'2019-11-07 14:34:38','Episode 14',NULL,NULL,'deathroad_ep14','a:0:{}',NULL,NULL),(165,27,1,NULL,'2019-07-11 00:00:00','2019-11-07 15:54:09','Episode 1',NULL,NULL,'Eddy_l\'angoisse_Episode_1','a:0:{}',NULL,NULL),(166,27,2,NULL,'2020-03-20 00:00:00','2019-11-07 15:54:09','Episode 2',NULL,NULL,'Eddy_l\'angoisse_Episode_2','a:0:{}',NULL,NULL),(167,27,3,NULL,'2020-03-20 00:00:00','2019-11-07 15:54:09','Episode 3',NULL,NULL,'Eddy_l\'angoisse_Episode_3','a:0:{}',NULL,NULL),(168,27,4,NULL,NULL,'2019-11-07 15:54:09','Episode 4',NULL,NULL,'eddyl\'angoisse_ep04','a:0:{}',NULL,NULL),(169,27,5,NULL,NULL,'2019-11-07 15:54:09','Episode 5',NULL,NULL,'eddyl\'angoisse_ep05','a:0:{}',NULL,NULL),(170,27,6,NULL,NULL,'2019-11-07 15:54:09','Episode 6',NULL,NULL,'eddyl\'angoisse_ep06','a:0:{}',NULL,NULL),(171,27,7,NULL,NULL,'2019-11-07 15:54:09','Episode 7',NULL,NULL,'eddyl\'angoisse_ep07','a:0:{}',NULL,NULL),(172,27,8,NULL,NULL,'2019-11-07 15:54:09','Episode 8',NULL,NULL,'eddyl\'angoisse_ep08','a:0:{}',NULL,NULL),(173,27,9,NULL,NULL,'2019-11-07 15:54:09','Episode 9',NULL,NULL,'eddyl\'angoisse_ep09','a:0:{}',NULL,NULL),(174,27,10,NULL,NULL,'2019-11-07 15:54:09','Episode 10',NULL,NULL,'eddyl\'angoisse_ep10','a:0:{}',NULL,NULL),(175,27,11,NULL,NULL,'2019-11-07 15:54:09','Episode 11',NULL,NULL,'eddyl\'angoisse_ep11','a:0:{}',NULL,NULL),(176,27,12,NULL,NULL,'2019-11-07 15:54:09','Episode 12',NULL,NULL,'eddyl\'angoisse_ep12','a:0:{}',NULL,NULL),(177,27,13,NULL,NULL,'2019-11-07 15:54:09','Episode 13',NULL,NULL,'eddyl\'angoisse_ep13','a:0:{}',NULL,NULL),(178,27,14,NULL,NULL,'2019-11-07 15:54:09','Episode 14',NULL,NULL,'eddyl\'angoisse_ep14','a:0:{}',NULL,NULL),(179,27,15,NULL,NULL,'2019-11-07 15:54:09','Episode 15',NULL,NULL,'eddyl\'angoisse_ep15','a:0:{}',NULL,NULL),(180,27,16,NULL,NULL,'2019-11-07 15:54:09','Episode 16',NULL,NULL,'eddyl\'angoisse_ep16','a:0:{}',NULL,NULL),(181,27,17,NULL,NULL,'2019-11-07 15:54:09','Episode 17',NULL,NULL,'eddyl\'angoisse_ep17','a:0:{}',NULL,NULL),(182,27,18,NULL,NULL,'2019-11-07 15:54:09','Episode 18',NULL,NULL,'eddyl\'angoisse_ep18','a:0:{}',NULL,NULL),(183,51,1,NULL,'2019-08-11 00:00:00','2019-11-08 15:28:05','Episode 1',NULL,NULL,'Toxic_Boy_Episode_1','a:0:{}',NULL,NULL),(184,51,2,NULL,'2020-03-19 00:00:00','2019-11-08 15:28:05','Episode 2',NULL,NULL,'Toxic_Boy_Episode_2','a:0:{}',NULL,NULL),(185,51,3,NULL,'2020-03-19 00:00:00','2019-11-08 15:28:05','Episode 3',NULL,NULL,'Toxic_Boy_Episode_3','a:0:{}',NULL,NULL),(186,51,4,NULL,NULL,'2019-11-08 15:28:05','Episode 4',NULL,NULL,'toxicboy_ep04','a:0:{}',NULL,NULL),(187,51,5,NULL,NULL,'2019-11-08 15:28:05','Episode 5',NULL,NULL,'toxicboy_ep05','a:0:{}',NULL,NULL),(188,51,6,NULL,NULL,'2019-11-08 15:28:05','Episode 6',NULL,NULL,'toxicboy_ep06','a:0:{}',NULL,NULL),(189,51,7,NULL,NULL,'2019-11-08 15:28:05','Episode 7',NULL,NULL,'toxicboy_ep07','a:0:{}',NULL,NULL),(190,51,8,NULL,NULL,'2019-11-08 15:28:05','Episode 8',NULL,NULL,'toxicboy_ep08','a:0:{}',NULL,NULL),(191,51,9,NULL,NULL,'2019-11-08 15:28:06','Episode 9',NULL,NULL,'toxicboy_ep09','a:0:{}',NULL,NULL),(192,51,10,NULL,NULL,'2019-11-08 15:28:06','Episode 10',NULL,NULL,'toxicboy_ep10','a:0:{}',NULL,NULL),(193,51,11,NULL,NULL,'2019-11-08 15:28:06','Episode 11',NULL,NULL,'toxicboy_ep11','a:0:{}',NULL,NULL),(194,51,12,NULL,NULL,'2019-11-08 15:28:06','Episode 12',NULL,NULL,'toxicboy_ep12','a:0:{}',NULL,NULL),(195,51,13,NULL,NULL,'2019-11-08 15:28:06','Episode 13',NULL,NULL,'toxicboy_ep13','a:0:{}',NULL,NULL),(196,51,14,NULL,NULL,'2019-11-08 15:28:06','Episode 14',NULL,NULL,'toxicboy_ep14','a:0:{}',NULL,NULL),(197,51,15,NULL,NULL,'2019-11-08 15:28:06','Episode 15',NULL,NULL,'toxicboy_ep15','a:0:{}',NULL,NULL),(198,51,16,NULL,NULL,'2019-11-08 15:28:06','Episode 16',NULL,NULL,'toxicboy_ep16','a:0:{}',NULL,NULL),(199,51,17,NULL,NULL,'2019-11-08 15:28:06','Episode 17',NULL,NULL,'toxicboy_ep17','a:0:{}',NULL,NULL),(200,51,18,NULL,NULL,'2019-11-08 15:28:06','Episode 18',NULL,NULL,'toxicboy_ep18','a:0:{}',NULL,NULL),(201,51,19,NULL,NULL,'2019-11-08 15:28:06','Episode 19',NULL,NULL,'toxicboy_ep19','a:0:{}',NULL,NULL),(202,51,20,NULL,NULL,'2019-11-08 15:28:06','Episode 20',NULL,NULL,'toxicboy_ep20','a:0:{}',NULL,NULL),(203,2,1,NULL,'2019-08-11 00:00:00','2019-11-08 16:05:16','Episode 1',NULL,NULL,'Tortuga_Episode_1','a:0:{}',NULL,NULL),(204,2,2,NULL,'2020-03-19 00:00:00','2019-11-08 16:05:16','Episode 2',NULL,NULL,'Tortuga_Episode_2','a:0:{}',NULL,NULL),(205,2,3,NULL,'2020-03-19 00:00:00','2019-11-08 16:05:16','Episode 3',NULL,NULL,'Tortuga_Episode_3','a:0:{}',NULL,NULL),(206,2,4,NULL,NULL,'2019-11-08 16:05:16','Episode 4',NULL,NULL,'tortuga_ep04','a:0:{}',NULL,NULL),(207,2,5,NULL,NULL,'2019-11-08 16:05:16','Episode 5',NULL,NULL,'tortuga_ep05','a:0:{}',NULL,NULL),(208,2,6,NULL,NULL,'2019-11-08 16:05:16','Episode 6',NULL,NULL,'tortuga_ep06','a:0:{}',NULL,NULL),(209,2,7,NULL,NULL,'2019-11-08 16:05:16','Episode 7',NULL,NULL,'tortuga_ep07','a:0:{}',NULL,NULL),(210,2,8,NULL,NULL,'2019-11-08 16:05:16','Episode 8',NULL,NULL,'tortuga_ep08','a:0:{}',NULL,NULL),(211,2,9,NULL,NULL,'2019-11-08 16:05:16','Episode 9',NULL,NULL,'tortuga_ep09','a:0:{}',NULL,NULL),(212,2,10,NULL,NULL,'2019-11-08 16:05:16','Episode 10',NULL,NULL,'tortuga_ep10','a:0:{}',NULL,NULL),(213,2,11,NULL,NULL,'2019-11-08 16:05:16','Episode 11',NULL,NULL,'tortuga_ep11','a:0:{}',NULL,NULL),(214,2,12,NULL,NULL,'2019-11-08 16:05:16','Episode 12',NULL,NULL,'tortuga_ep12','a:0:{}',NULL,NULL),(215,2,13,NULL,NULL,'2019-11-08 16:05:16','Episode 13',NULL,NULL,'tortuga_ep13','a:0:{}',NULL,NULL),(216,2,14,NULL,NULL,'2019-11-08 16:05:16','Episode 14',NULL,NULL,'tortuga_ep14','a:0:{}',NULL,NULL),(217,2,15,NULL,NULL,'2019-11-08 16:05:16','Episode 15',NULL,NULL,'tortuga_ep15','a:0:{}',NULL,NULL),(218,2,16,NULL,NULL,'2019-11-08 16:05:16','Episode 16',NULL,NULL,'tortuga_ep16','a:0:{}',NULL,NULL),(219,2,17,NULL,NULL,'2019-11-08 16:05:16','Episode 17',NULL,NULL,'tortuga_ep17','a:0:{}',NULL,NULL),(220,2,18,NULL,NULL,'2019-11-08 16:05:16','Episode 18',NULL,NULL,'tortuga_ep18','a:0:{}',NULL,NULL),(221,2,19,NULL,NULL,'2019-11-08 16:05:16','Episode 19',NULL,NULL,'tortuga_ep19','a:0:{}',NULL,NULL),(222,2,20,NULL,NULL,'2019-11-08 16:05:16','Episode 20',NULL,NULL,'tortuga_ep20','a:0:{}',NULL,NULL),(223,2,21,NULL,NULL,'2019-11-08 16:05:16','Episode 21',NULL,NULL,'tortuga_ep21','a:0:{}',NULL,NULL),(224,2,22,NULL,NULL,'2019-11-08 16:05:16','Episode 22',NULL,NULL,'tortuga_ep22','a:0:{}',NULL,NULL),(225,2,23,NULL,NULL,'2019-11-08 16:05:16','Episode 23',NULL,NULL,'tortuga_ep23','a:0:{}',NULL,NULL),(226,2,24,NULL,NULL,'2019-11-08 16:05:16','Episode 24',NULL,NULL,'tortuga_ep24','a:0:{}',NULL,NULL),(227,2,25,NULL,NULL,'2019-11-08 16:05:16','Episode 25',NULL,NULL,'tortuga_ep25','a:0:{}',NULL,NULL),(228,2,26,NULL,NULL,'2019-11-08 16:05:16','Episode 26',NULL,NULL,'tortuga_ep26','a:0:{}',NULL,NULL),(229,2,27,NULL,NULL,'2019-11-08 16:05:16','Episode 27',NULL,NULL,'tortuga_ep27','a:0:{}',NULL,NULL),(230,2,28,NULL,NULL,'2019-11-08 16:05:16','Episode 28',NULL,NULL,'tortuga_ep28','a:0:{}',NULL,NULL),(231,2,29,NULL,NULL,'2019-11-08 16:05:16','Episode 29',NULL,NULL,'tortuga_ep29','a:0:{}',NULL,NULL),(232,11,1,NULL,'2019-08-11 00:00:00','2019-11-08 16:27:54','Episode 1',NULL,NULL,'Les_moines_tatoués_Episode_1','a:0:{}',NULL,NULL),(233,11,2,NULL,'2020-03-19 00:00:00','2019-11-08 16:27:54','Episode 2',NULL,NULL,'Les_moines_tatoués_Episode_2','a:0:{}',NULL,NULL),(234,11,3,NULL,'2020-03-19 00:00:00','2019-11-08 16:27:54','Episode 3',NULL,NULL,'Les_moines_tatoués_Episode_3','a:0:{}',NULL,NULL),(235,11,4,NULL,'2020-04-15 00:00:00','2019-11-08 16:27:54','Episode 4',NULL,NULL,'Les_moines_tatoués_Episode_4','a:0:{}',NULL,NULL),(236,11,5,NULL,NULL,'2019-11-08 16:27:54','Episode 5',NULL,NULL,'lesmoinestatoues_ep05','a:0:{}',NULL,NULL),(237,11,6,NULL,NULL,'2019-11-08 16:27:54','Episode 6',NULL,NULL,'lesmoinestatoues_ep06','a:0:{}',NULL,NULL),(238,11,7,NULL,NULL,'2019-11-08 16:27:54','Episode 7',NULL,NULL,'lesmoinestatoues_ep07','a:0:{}',NULL,NULL),(239,11,8,NULL,NULL,'2019-11-08 16:27:54','Episode 8',NULL,NULL,'lesmoinestatoues_ep08','a:0:{}',NULL,NULL),(240,11,9,NULL,NULL,'2019-11-08 16:27:54','Episode 9',NULL,NULL,'lesmoinestatoues_ep09','a:0:{}',NULL,NULL),(241,11,10,NULL,NULL,'2019-11-08 16:27:54','Episode 10',NULL,NULL,'lesmoinestatoues_ep10','a:0:{}',NULL,NULL),(242,11,11,NULL,NULL,'2019-11-08 16:27:54','Episode 11',NULL,NULL,'lesmoinestatoues_ep11','a:0:{}',NULL,NULL),(243,11,12,NULL,NULL,'2019-11-08 16:27:54','Episode 12',NULL,NULL,'lesmoinestatoues_ep12','a:0:{}',NULL,NULL),(244,11,13,NULL,NULL,'2019-11-08 16:27:54','Episode 13',NULL,NULL,'lesmoinestatoues_ep13','a:0:{}',NULL,NULL),(245,11,14,NULL,NULL,'2019-11-08 16:27:54','Episode 14',NULL,NULL,'lesmoinestatoues_ep14','a:0:{}',NULL,NULL),(246,52,1,NULL,'2019-11-12 00:00:00','2019-11-12 14:29:52','Episode 1',NULL,NULL,'Missing_Episode_1','a:0:{}',NULL,NULL),(247,52,2,NULL,'2020-03-20 00:00:00','2019-11-12 14:29:52','Episode 2',NULL,NULL,'Missing_Episode_2','a:0:{}',NULL,NULL),(248,52,3,NULL,'2020-04-15 00:00:00','2019-11-12 14:29:52','Episode 3',NULL,NULL,'Missing_Episode_3','a:0:{}',NULL,NULL),(249,52,4,NULL,NULL,'2019-11-12 14:29:52','Episode 4',NULL,NULL,'missing_ep04','a:0:{}',NULL,NULL),(250,52,5,NULL,NULL,'2019-11-12 14:29:52','Episode 5',NULL,NULL,'missing_ep05','a:0:{}',NULL,NULL),(251,52,6,NULL,NULL,'2019-11-12 14:29:52','Episode 6',NULL,NULL,'missing_ep06','a:0:{}',NULL,NULL),(252,52,7,NULL,NULL,'2019-11-12 14:29:52','Episode 7',NULL,NULL,'missing_ep07','a:0:{}',NULL,NULL),(253,52,8,NULL,NULL,'2019-11-12 14:29:52','Episode 8',NULL,NULL,'missing_ep08','a:0:{}',NULL,NULL),(254,52,9,NULL,NULL,'2019-11-12 14:29:52','Episode 9',NULL,NULL,'missing_ep09','a:0:{}',NULL,NULL),(255,52,10,NULL,NULL,'2019-11-12 14:29:52','Episode 10',NULL,NULL,'missing_ep10','a:0:{}',NULL,NULL),(256,52,11,NULL,NULL,'2019-11-12 14:29:52','Episode 11',NULL,NULL,'missing_ep11','a:0:{}',NULL,NULL),(257,52,12,NULL,NULL,'2019-11-12 14:29:52','Episode 12',NULL,NULL,'missing_ep12','a:0:{}',NULL,NULL),(258,52,13,NULL,NULL,'2019-11-12 14:29:52','Episode 13',NULL,NULL,'missing_ep13','a:0:{}',NULL,NULL),(259,52,14,NULL,NULL,'2019-11-12 14:29:52','Episode 14',NULL,NULL,'missing_ep14','a:0:{}',NULL,NULL),(260,52,15,NULL,NULL,'2019-11-12 14:29:52','Episode 15',NULL,NULL,'missing_ep15','a:0:{}',NULL,NULL),(261,52,16,NULL,NULL,'2019-11-12 14:29:52','Episode 16',NULL,NULL,'missing_ep16','a:0:{}',NULL,NULL),(262,52,17,NULL,NULL,'2019-11-12 14:29:52','Episode 17',NULL,NULL,'missing_ep17','a:0:{}',NULL,NULL),(263,52,18,NULL,NULL,'2019-11-12 14:29:52','Episode 18',NULL,NULL,'missing_ep18','a:0:{}',NULL,NULL),(264,52,19,NULL,NULL,'2019-11-12 14:29:52','Episode 19',NULL,NULL,'missing_ep19','a:0:{}',NULL,NULL),(265,52,20,NULL,NULL,'2019-11-12 14:29:52','Episode 20',NULL,NULL,'missing_ep20','a:0:{}',NULL,NULL),(266,24,3,NULL,'2020-03-20 00:00:00','2019-11-12 14:53:31','Episode 3',NULL,NULL,'Mouarf_Episode_3','a:0:{}',NULL,NULL),(267,24,4,NULL,NULL,'2019-11-12 14:53:31','Episode 4',NULL,NULL,'mouarf_ep04','a:0:{}',NULL,NULL),(268,24,5,NULL,NULL,'2019-11-12 14:53:31','Episode 5',NULL,NULL,'mouarf_ep05','a:0:{}',NULL,NULL),(269,24,6,NULL,NULL,'2019-11-12 14:53:31','Episode 6',NULL,NULL,'mouarf_ep06','a:0:{}',NULL,NULL),(270,24,7,NULL,NULL,'2019-11-12 14:53:31','Episode 7',NULL,NULL,'mouarf_ep07','a:0:{}',NULL,NULL),(271,24,8,NULL,NULL,'2019-11-12 14:53:31','Episode 8',NULL,NULL,'mouarf_ep08','a:0:{}',NULL,NULL),(272,24,9,NULL,NULL,'2019-11-12 14:53:31','Episode 9',NULL,NULL,'mouarf_ep09','a:0:{}',NULL,NULL),(273,24,10,NULL,NULL,'2019-11-12 14:53:31','Episode 10',NULL,NULL,'mouarf_ep10','a:0:{}',NULL,NULL),(274,24,11,NULL,NULL,'2019-11-12 14:53:31','Episode 11',NULL,NULL,'mouarf_ep11','a:0:{}',NULL,NULL),(275,24,12,NULL,NULL,'2019-11-12 14:53:31','Episode 12',NULL,NULL,'mouarf_ep12','a:0:{}',NULL,NULL),(276,24,13,NULL,NULL,'2019-11-12 14:53:31','Episode 13',NULL,NULL,'mouarf_ep13','a:0:{}',NULL,NULL),(277,24,14,NULL,NULL,'2019-11-12 14:53:31','Episode 14',NULL,NULL,'mouarf_ep14','a:0:{}',NULL,NULL),(278,24,15,NULL,NULL,'2019-11-12 14:53:31','Episode 15',NULL,NULL,'mouarf_ep15','a:0:{}',NULL,NULL),(279,24,16,NULL,NULL,'2019-11-12 14:53:31','Episode 16',NULL,NULL,'mouarf_ep16','a:0:{}',NULL,NULL),(280,53,1,NULL,NULL,'2019-11-12 15:34:56','Episode 1',NULL,NULL,'Harlem_Episode_1','a:0:{}',NULL,NULL),(281,53,2,NULL,NULL,'2019-11-12 15:34:56','Episode 2',NULL,NULL,'harlem,surlaroutedudiable_ep02','a:0:{}',NULL,NULL),(282,53,3,NULL,NULL,'2019-11-12 15:34:56','Episode 3',NULL,NULL,'harlem,surlaroutedudiable_ep03','a:0:{}',NULL,NULL),(283,53,4,NULL,NULL,'2019-11-12 15:34:56','Episode 4',NULL,NULL,'harlem,surlaroutedudiable_ep04','a:0:{}',NULL,NULL),(284,53,5,NULL,NULL,'2019-11-12 15:34:56','Episode 5',NULL,NULL,'harlem,surlaroutedudiable_ep05','a:0:{}',NULL,NULL),(285,53,6,NULL,NULL,'2019-11-12 15:34:56','Episode 6',NULL,NULL,'harlem,surlaroutedudiable_ep06','a:0:{}',NULL,NULL),(286,53,7,NULL,NULL,'2019-11-12 15:34:56','Episode 7',NULL,NULL,'harlem,surlaroutedudiable_ep07','a:0:{}',NULL,NULL),(287,53,8,NULL,NULL,'2019-11-12 15:34:56','Episode 8',NULL,NULL,'harlem,surlaroutedudiable_ep08','a:0:{}',NULL,NULL),(288,53,9,NULL,NULL,'2019-11-12 15:34:56','Episode 9',NULL,NULL,'harlem,surlaroutedudiable_ep09','a:0:{}',NULL,NULL),(289,53,10,NULL,NULL,'2019-11-12 15:34:56','Episode 10',NULL,NULL,'harlem,surlaroutedudiable_ep10','a:0:{}',NULL,NULL),(290,53,11,NULL,NULL,'2019-11-12 15:34:56','Episode 11',NULL,NULL,'harlem,surlaroutedudiable_ep11','a:0:{}',NULL,NULL),(291,15,14,NULL,NULL,'2019-11-12 16:11:07','Episode 14',NULL,NULL,'kiliwatch_ep14','a:0:{}',NULL,NULL),(292,15,15,NULL,NULL,'2019-11-12 16:11:07','Episode 15',NULL,NULL,'kiliwatch_ep15','a:0:{}',NULL,NULL),(293,15,16,NULL,NULL,'2019-11-12 16:11:07','Episode 16',NULL,NULL,'kiliwatch_ep16','a:0:{}',NULL,NULL),(294,15,17,NULL,NULL,'2019-11-12 16:11:07','Episode 17',NULL,NULL,'kiliwatch_ep17','a:0:{}',NULL,NULL),(295,15,18,NULL,NULL,'2019-11-12 16:11:07','Episode 18',NULL,NULL,'kiliwatch_ep18','a:0:{}',NULL,NULL),(296,15,19,NULL,NULL,'2019-11-12 16:11:07','Episode 19',NULL,NULL,'kiliwatch_ep19','a:0:{}',NULL,NULL),(297,15,20,NULL,NULL,'2019-11-12 16:11:07','Episode 20',NULL,NULL,'kiliwatch_ep20','a:0:{}',NULL,NULL),(298,15,21,NULL,NULL,'2019-11-12 16:11:07','Episode 21',NULL,NULL,'kiliwatch_ep21','a:0:{}',NULL,NULL),(299,15,22,NULL,NULL,'2019-11-12 16:11:07','Episode 22',NULL,NULL,'kiliwatch_ep22','a:0:{}',NULL,NULL),(300,15,23,NULL,NULL,'2019-11-12 16:11:07','Episode 23',NULL,NULL,'kiliwatch_ep23','a:0:{}',NULL,NULL),(301,15,24,NULL,NULL,'2019-11-12 16:11:07','Episode 24',NULL,NULL,'kiliwatch_ep24','a:0:{}',NULL,NULL),(302,15,25,NULL,NULL,'2019-11-12 16:11:07','Episode 25',NULL,NULL,'kiliwatch_ep25','a:0:{}',NULL,NULL),(303,15,26,NULL,NULL,'2019-11-12 16:11:07','Episode 26',NULL,NULL,'kiliwatch_ep26','a:0:{}',NULL,NULL),(304,55,1,NULL,'2019-11-12 00:00:00','2019-11-12 16:29:47','Episode 1',NULL,NULL,'Hellwest_Episode_1','a:0:{}',NULL,NULL),(305,55,2,NULL,'2020-03-19 00:00:00','2019-11-12 16:29:47','Episode 2',NULL,NULL,'Hellwest_Episode_2','a:0:{}',NULL,NULL),(306,55,3,NULL,'2020-03-19 00:00:00','2019-11-12 16:29:47','Episode 3',NULL,NULL,'Hellwest_Episode_3','a:0:{}',NULL,NULL),(307,55,4,NULL,NULL,'2019-11-12 16:29:47','Episode 4',NULL,NULL,'hellwest_ep04','a:0:{}',NULL,NULL),(308,55,5,NULL,NULL,'2019-11-12 16:29:47','Episode 5',NULL,NULL,'hellwest_ep05','a:0:{}',NULL,NULL),(309,55,6,NULL,NULL,'2019-11-12 16:29:47','Episode 6',NULL,NULL,'hellwest_ep06','a:0:{}',NULL,NULL),(310,55,7,NULL,NULL,'2019-11-12 16:29:47','Episode 7',NULL,NULL,'hellwest_ep07','a:0:{}',NULL,NULL),(311,55,8,NULL,NULL,'2019-11-12 16:29:47','Episode 8',NULL,NULL,'hellwest_ep08','a:0:{}',NULL,NULL),(312,55,9,NULL,NULL,'2019-11-12 16:29:47','Episode 9',NULL,NULL,'hellwest_ep09','a:0:{}',NULL,NULL),(313,55,10,NULL,NULL,'2019-11-12 16:29:47','Episode 10',NULL,NULL,'hellwest_ep10','a:0:{}',NULL,NULL),(314,55,11,NULL,NULL,'2019-11-12 16:29:47','Episode 11',NULL,NULL,'hellwest_ep11','a:0:{}',NULL,NULL),(315,55,12,NULL,NULL,'2019-11-12 16:29:47','Episode 12',NULL,NULL,'hellwest_ep12','a:0:{}',NULL,NULL),(316,55,13,NULL,NULL,'2019-11-12 16:29:47','Episode 13',NULL,NULL,'hellwest_ep13','a:0:{}',NULL,NULL),(317,25,3,NULL,'2020-03-19 00:00:00','2019-11-13 16:11:04','Episode 3',NULL,NULL,'Fantastic_Stories_Episode_3','a:0:{}',NULL,NULL),(318,25,4,NULL,NULL,'2019-11-13 16:11:04','Episode 4',NULL,NULL,'fantasticstories_ep04','a:0:{}',NULL,NULL),(319,25,5,NULL,NULL,'2019-11-13 16:11:04','Episode 5',NULL,NULL,'fantasticstories_ep05','a:0:{}',NULL,NULL),(320,25,6,NULL,NULL,'2019-11-13 16:11:04','Episode 6',NULL,NULL,'fantasticstories_ep06','a:0:{}',NULL,NULL),(321,25,7,NULL,NULL,'2019-11-13 16:11:04','Episode 7',NULL,NULL,'fantasticstories_ep07','a:0:{}',NULL,NULL),(322,25,8,NULL,NULL,'2019-11-13 16:11:04','Episode 8',NULL,NULL,'fantasticstories_ep08','a:0:{}',NULL,NULL),(323,25,9,NULL,NULL,'2019-11-13 16:11:04','Episode 9',NULL,NULL,'fantasticstories_ep09','a:0:{}',NULL,NULL),(324,25,10,NULL,NULL,'2019-11-13 16:11:04','Episode 10',NULL,NULL,'fantasticstories_ep10','a:0:{}',NULL,NULL),(325,25,11,NULL,NULL,'2019-11-13 16:11:04','Episode 11',NULL,NULL,'fantasticstories_ep11','a:0:{}',NULL,NULL),(326,56,1,NULL,NULL,'2019-11-13 16:41:17','Episode 1',NULL,NULL,'Yggdrasil_Episode_1','a:0:{}',NULL,NULL),(327,56,2,NULL,NULL,'2019-11-13 16:41:17','Episode 2',NULL,NULL,'yggdrasilsentai_ep02','a:0:{}',NULL,NULL),(328,56,3,NULL,NULL,'2019-11-13 16:41:17','Episode 3',NULL,NULL,'yggdrasilsentai_ep03','a:0:{}',NULL,NULL),(329,56,4,NULL,NULL,'2019-11-13 16:41:17','Episode 4',NULL,NULL,'yggdrasilsentai_ep04','a:0:{}',NULL,NULL),(330,56,5,NULL,NULL,'2019-11-13 16:41:17','Episode 5',NULL,NULL,'yggdrasilsentai_ep05','a:0:{}',NULL,NULL),(331,56,6,NULL,NULL,'2019-11-13 16:41:17','Episode 6',NULL,NULL,'yggdrasilsentai_ep06','a:0:{}',NULL,NULL),(332,56,7,NULL,NULL,'2019-11-13 16:41:17','Episode 7',NULL,NULL,'yggdrasilsentai_ep07','a:0:{}',NULL,NULL),(333,56,8,NULL,NULL,'2019-11-13 16:41:17','Episode 8',NULL,NULL,'yggdrasilsentai_ep08','a:0:{}',NULL,NULL),(334,56,9,NULL,NULL,'2019-11-13 16:41:17','Episode 9',NULL,NULL,'yggdrasilsentai_ep09','a:0:{}',NULL,NULL),(335,56,10,NULL,NULL,'2019-11-13 16:41:17','Episode 10',NULL,NULL,'yggdrasilsentai_ep10','a:0:{}',NULL,NULL),(336,56,11,NULL,NULL,'2019-11-13 16:41:17','Episode 11',NULL,NULL,'yggdrasilsentai_ep11','a:0:{}',NULL,NULL),(337,56,12,NULL,NULL,'2019-11-13 16:41:17','Episode 12',NULL,NULL,'yggdrasilsentai_ep12','a:0:{}',NULL,NULL),(338,56,13,NULL,NULL,'2019-11-13 16:41:17','Episode 13',NULL,NULL,'yggdrasilsentai_ep13','a:0:{}',NULL,NULL),(339,56,14,NULL,NULL,'2019-11-13 16:41:17','Episode 14',NULL,NULL,'yggdrasilsentai_ep14','a:0:{}',NULL,NULL),(340,56,15,NULL,NULL,'2019-11-13 16:41:17','Episode 15',NULL,NULL,'yggdrasilsentai_ep15','a:0:{}',NULL,NULL),(341,56,16,NULL,NULL,'2019-11-13 16:41:17','Episode 16',NULL,NULL,'yggdrasilsentai_ep16','a:0:{}',NULL,NULL),(342,56,17,NULL,NULL,'2019-11-13 16:41:17','Episode 17',NULL,NULL,'yggdrasilsentai_ep17','a:0:{}',NULL,NULL),(343,56,18,NULL,NULL,'2019-11-13 16:41:17','Episode 18',NULL,NULL,'yggdrasilsentai_ep18','a:0:{}',NULL,NULL),(344,56,19,NULL,NULL,'2019-11-13 16:41:17','Episode 19',NULL,NULL,'yggdrasilsentai_ep19','a:0:{}',NULL,NULL),(345,56,20,NULL,NULL,'2019-11-13 16:41:17','Episode 20',NULL,NULL,'yggdrasilsentai_ep20','a:0:{}',NULL,NULL),(346,7,1,NULL,NULL,'2019-11-13 17:02:23','Episode 1',NULL,NULL,'l\'Esprit_d\'Aventure_Episode_1','a:0:{}',NULL,NULL),(347,7,2,NULL,NULL,'2019-11-13 17:02:24','Episode 2',NULL,NULL,'l\'espritd\'aventure_ep02','a:0:{}',NULL,NULL),(348,7,3,NULL,NULL,'2019-11-13 17:02:24','Episode 3',NULL,NULL,'l\'espritd\'aventure_ep03','a:0:{}',NULL,NULL),(349,7,4,NULL,NULL,'2019-11-13 17:02:24','Episode 4',NULL,NULL,'l\'espritd\'aventure_ep04','a:0:{}',NULL,NULL),(350,7,5,NULL,NULL,'2019-11-13 17:02:24','Episode 5',NULL,NULL,'l\'espritd\'aventure_ep05','a:0:{}',NULL,NULL),(351,7,6,NULL,NULL,'2019-11-13 17:02:24','Episode 6',NULL,NULL,'l\'espritd\'aventure_ep06','a:0:{}',NULL,NULL),(352,7,7,NULL,NULL,'2019-11-13 17:02:24','Episode 7',NULL,NULL,'l\'espritd\'aventure_ep07','a:0:{}',NULL,NULL),(358,57,1,NULL,NULL,'2019-11-14 12:37:14','Episode 1',NULL,NULL,'Promenons','a:0:{}',NULL,NULL),(359,57,2,NULL,NULL,'2019-11-14 12:37:14','Episode 2',NULL,NULL,'Promenons','a:0:{}',NULL,NULL),(360,57,3,NULL,NULL,'2019-11-14 12:37:14','Episode 3',NULL,NULL,'Promenons','a:0:{}',NULL,NULL),(361,57,4,NULL,NULL,'2019-11-14 12:37:14','Episode 4',NULL,NULL,'promenons-nousdanslesbois_ep04','a:0:{}',NULL,NULL),(362,57,5,NULL,NULL,'2019-11-14 12:37:14','Episode 5',NULL,NULL,'promenons-nousdanslesbois_ep05','a:0:{}',NULL,NULL),(363,12,1,NULL,'2019-11-14 00:00:00','2019-11-14 12:52:15','Episode 1',NULL,NULL,'Husk_Episode_1','a:0:{}',NULL,NULL),(364,12,2,NULL,'2020-03-19 00:00:00','2019-11-14 12:52:15','Episode 2',NULL,NULL,'Husk_Episode_2','a:0:{}',NULL,NULL),(365,12,3,NULL,'2020-03-19 00:00:00','2019-11-14 12:52:15','Episode 3',NULL,NULL,'Husk_Episode_3','a:0:{}',NULL,NULL),(366,12,4,NULL,'2020-04-15 00:00:00','2019-11-14 12:52:15','Episode 4',NULL,NULL,'Husk_Episode_4','a:0:{}',NULL,NULL),(367,12,5,NULL,NULL,'2019-11-14 12:52:15','Episode 5',NULL,NULL,'husk_ep05','a:0:{}',NULL,NULL),(368,12,6,NULL,NULL,'2019-11-14 12:52:15','Episode 6',NULL,NULL,'husk_ep06','a:0:{}',NULL,NULL),(369,12,7,NULL,NULL,'2019-11-14 12:52:15','Episode 7',NULL,NULL,'husk_ep07','a:0:{}',NULL,NULL),(370,12,8,NULL,NULL,'2019-11-14 12:52:15','Episode 8',NULL,NULL,'husk_ep08','a:0:{}',NULL,NULL),(371,12,9,NULL,NULL,'2019-11-14 12:52:15','Episode 9',NULL,NULL,'husk_ep09','a:0:{}',NULL,NULL),(372,12,10,NULL,NULL,'2019-11-14 12:52:15','Episode 10',NULL,NULL,'husk_ep10','a:0:{}',NULL,NULL),(373,58,1,NULL,'2019-11-14 00:00:00','2019-11-14 14:01:58','Episode 1',NULL,NULL,'Feya_Episode_1','a:0:{}',NULL,NULL),(374,58,2,NULL,'2020-03-19 00:00:00','2019-11-14 14:01:58','Episode 2',NULL,NULL,'Feya_Episode_2','a:0:{}',NULL,NULL),(375,58,3,NULL,'2020-04-15 00:00:00','2019-11-14 14:01:58','Episode 3',NULL,NULL,'Feya_Episode_3','a:0:{}',NULL,NULL),(376,58,4,NULL,NULL,'2019-11-14 14:01:58','Episode 4',NULL,NULL,'feya_ep04','a:0:{}',NULL,NULL),(377,58,5,NULL,NULL,'2019-11-14 14:01:59','Episode 5',NULL,NULL,'feya_ep05','a:0:{}',NULL,NULL),(378,58,6,NULL,NULL,'2019-11-14 14:01:59','Episode 6',NULL,NULL,'feya_ep06','a:0:{}',NULL,NULL),(379,58,7,NULL,NULL,'2019-11-14 14:01:59','Episode 7',NULL,NULL,'feya_ep07','a:0:{}',NULL,NULL),(380,58,8,NULL,NULL,'2019-11-14 14:01:59','Episode 8',NULL,NULL,'feya_ep08','a:0:{}',NULL,NULL),(381,58,9,NULL,NULL,'2019-11-14 14:01:59','Episode 9',NULL,NULL,'feya_ep09','a:0:{}',NULL,NULL),(382,58,10,NULL,NULL,'2019-11-14 14:01:59','Episode 10',NULL,NULL,'feya_ep10','a:0:{}',NULL,NULL),(383,58,11,NULL,NULL,'2019-11-14 14:01:59','Episode 11',NULL,NULL,'feya_ep11','a:0:{}',NULL,NULL),(384,58,12,NULL,NULL,'2019-11-14 14:01:59','Episode 12',NULL,NULL,'feya_ep12','a:0:{}',NULL,NULL),(385,58,13,NULL,NULL,'2019-11-14 14:01:59','Episode 13',NULL,NULL,'feya_ep13','a:0:{}',NULL,NULL),(386,58,14,NULL,NULL,'2019-11-14 14:01:59','Episode 14',NULL,NULL,'feya_ep14','a:0:{}',NULL,NULL),(387,58,15,NULL,NULL,'2019-11-14 14:01:59','Episode 15',NULL,NULL,'feya_ep15','a:0:{}',NULL,NULL),(388,58,16,NULL,NULL,'2019-11-14 14:01:59','Episode 16',NULL,NULL,'feya_ep16','a:0:{}',NULL,NULL),(389,58,17,NULL,NULL,'2019-11-14 14:01:59','Episode 17',NULL,NULL,'feya_ep17','a:0:{}',NULL,NULL),(390,58,18,NULL,NULL,'2019-11-14 14:01:59','Episode 18',NULL,NULL,'feya_ep18','a:0:{}',NULL,NULL),(391,58,19,NULL,NULL,'2019-11-14 14:01:59','Episode 19',NULL,NULL,'feya_ep19','a:0:{}',NULL,NULL),(392,58,20,NULL,NULL,'2019-11-14 14:01:59','Episode 20',NULL,NULL,'feya_ep20','a:0:{}',NULL,NULL),(393,59,1,NULL,'2020-04-15 00:00:00','2019-12-02 12:31:18','Episode 1',NULL,NULL,'Siorn_Episode_1','a:0:{}',NULL,NULL),(394,59,2,NULL,'2020-04-15 00:00:00','2019-12-02 12:31:18','Episode 2',NULL,NULL,'Siorn_Episode_2','a:0:{}',NULL,NULL),(395,59,3,NULL,NULL,'2019-12-02 12:31:18','Episode 3',NULL,NULL,'Siorn_Episode_3','a:0:{}',NULL,NULL),(396,59,4,NULL,NULL,'2019-12-02 12:31:18','Episode 4',NULL,NULL,'siorn_ep04','a:0:{}',NULL,NULL),(397,59,5,NULL,NULL,'2019-12-02 12:31:18','Episode 5',NULL,NULL,'siorn_ep05','a:0:{}',NULL,NULL),(398,59,6,NULL,NULL,'2019-12-02 12:31:18','Episode 6',NULL,NULL,'siorn_ep06','a:0:{}',NULL,NULL),(399,59,7,NULL,NULL,'2019-12-02 12:31:18','Episode 7',NULL,NULL,'siorn_ep07','a:0:{}',NULL,NULL),(400,59,8,NULL,NULL,'2019-12-02 12:31:18','Episode 8',NULL,NULL,'siorn_ep08','a:0:{}',NULL,NULL),(401,59,9,NULL,NULL,'2019-12-02 12:31:18','Episode 9',NULL,NULL,'siorn_ep09','a:0:{}',NULL,NULL),(402,59,10,NULL,NULL,'2019-12-02 12:31:18','Episode 10',NULL,NULL,'siorn_ep10','a:0:{}',NULL,NULL),(403,36,1,NULL,NULL,'2019-12-02 12:51:00','Episode 1',NULL,NULL,'bazardoz_ep01','a:0:{}',NULL,NULL),(404,36,2,NULL,NULL,'2019-12-02 12:51:00','Episode 2',NULL,NULL,'bazardoz_ep02','a:0:{}',NULL,NULL),(405,36,3,NULL,NULL,'2019-12-02 12:51:00','Episode 3',NULL,NULL,'bazardoz_ep03','a:0:{}',NULL,NULL),(406,36,4,NULL,NULL,'2019-12-02 12:51:00','Episode 4',NULL,NULL,'bazardoz_ep04','a:0:{}',NULL,NULL),(407,36,5,NULL,NULL,'2019-12-02 12:51:00','Episode 5',NULL,NULL,'bazardoz_ep05','a:0:{}',NULL,NULL),(408,36,6,NULL,NULL,'2019-12-02 12:51:00','Episode 6',NULL,NULL,'bazardoz_ep06','a:0:{}',NULL,NULL),(409,36,7,NULL,NULL,'2019-12-02 12:51:00','Episode 7',NULL,NULL,'bazardoz_ep07','a:0:{}',NULL,NULL),(410,36,8,NULL,NULL,'2019-12-02 12:51:00','Episode 8',NULL,NULL,'bazardoz_ep08','a:0:{}',NULL,NULL),(411,36,9,NULL,NULL,'2019-12-02 12:51:00','Episode 9',NULL,NULL,'bazardoz_ep09','a:0:{}',NULL,NULL),(412,36,10,NULL,NULL,'2019-12-02 12:51:00','Episode 10',NULL,NULL,'bazardoz_ep10','a:0:{}',NULL,NULL),(413,36,11,NULL,NULL,'2019-12-02 12:51:00','Episode 11',NULL,NULL,'bazardoz_ep11','a:0:{}',NULL,NULL),(414,60,1,NULL,NULL,'2019-12-02 12:52:29','Episode 1',NULL,NULL,'aggren\'stales_ep01','a:0:{}',NULL,NULL),(415,60,2,NULL,NULL,'2019-12-02 12:52:29','Episode 2',NULL,NULL,'aggren\'stales_ep02','a:0:{}',NULL,NULL),(416,60,3,NULL,NULL,'2019-12-02 12:52:29','Episode 3',NULL,NULL,'aggren\'stales_ep03','a:0:{}',NULL,NULL),(417,60,4,NULL,NULL,'2019-12-02 12:52:29','Episode 4',NULL,NULL,'aggren\'stales_ep04','a:0:{}',NULL,NULL),(418,60,5,NULL,NULL,'2019-12-02 12:52:29','Episode 5',NULL,NULL,'aggren\'stales_ep05','a:0:{}',NULL,NULL),(419,60,6,NULL,NULL,'2019-12-02 12:52:29','Episode 6',NULL,NULL,'aggren\'stales_ep06','a:0:{}',NULL,NULL),(420,60,7,NULL,NULL,'2019-12-02 12:52:29','Episode 7',NULL,NULL,'aggren\'stales_ep07','a:0:{}',NULL,NULL),(421,60,8,NULL,NULL,'2019-12-02 12:52:29','Episode 8',NULL,NULL,'aggren\'stales_ep08','a:0:{}',NULL,NULL),(422,61,1,NULL,NULL,'2019-12-02 13:46:24','Episode 1',NULL,NULL,'iletaitunefois..._ep01','a:0:{}',NULL,NULL),(423,61,2,NULL,NULL,'2019-12-02 13:46:24','Episode 2',NULL,NULL,'iletaitunefois..._ep02','a:0:{}',NULL,NULL),(424,61,3,NULL,NULL,'2019-12-02 13:46:24','Episode 3',NULL,NULL,'iletaitunefois..._ep03','a:0:{}',NULL,NULL),(425,61,4,NULL,NULL,'2019-12-02 13:46:24','Episode 4',NULL,NULL,'iletaitunefois..._ep04','a:0:{}',NULL,NULL),(426,61,5,NULL,NULL,'2019-12-02 13:46:24','Episode 5',NULL,NULL,'iletaitunefois..._ep05','a:0:{}',NULL,NULL),(427,61,6,NULL,NULL,'2019-12-02 13:46:24','Episode 6',NULL,NULL,'iletaitunefois..._ep06','a:0:{}',NULL,NULL),(428,61,7,NULL,NULL,'2019-12-02 13:46:24','Episode 7',NULL,NULL,'iletaitunefois..._ep07','a:0:{}',NULL,NULL),(429,61,8,NULL,NULL,'2019-12-02 13:46:24','Episode 8',NULL,NULL,'iletaitunefois..._ep08','a:0:{}',NULL,NULL),(430,61,9,NULL,NULL,'2019-12-02 13:46:24','Episode 9',NULL,NULL,'iletaitunefois..._ep09','a:0:{}',NULL,NULL),(431,61,10,NULL,NULL,'2019-12-02 13:46:24','Episode 10',NULL,NULL,'iletaitunefois..._ep10','a:0:{}',NULL,NULL),(432,61,11,NULL,NULL,'2019-12-02 13:46:24','Episode 11',NULL,NULL,'iletaitunefois..._ep11','a:0:{}',NULL,NULL),(433,61,12,NULL,NULL,'2019-12-02 13:46:25','Episode 12',NULL,NULL,'iletaitunefois..._ep12','a:0:{}',NULL,NULL),(434,62,1,NULL,NULL,'2019-12-02 14:43:28','Episode 1',NULL,NULL,'bob_dylan_ep01','a:0:{}',NULL,NULL),(435,62,2,NULL,NULL,'2019-12-02 14:43:28','Episode 2',NULL,NULL,'bob_dylan_ep02','a:0:{}',NULL,NULL),(436,62,3,NULL,NULL,'2019-12-02 14:43:28','Episode 3',NULL,NULL,'bob_dylan_ep03','a:0:{}',NULL,NULL),(437,62,4,NULL,NULL,'2019-12-02 14:43:28','Episode 4',NULL,NULL,'bob_dylan_ep04','a:0:{}',NULL,NULL),(438,62,5,NULL,NULL,'2019-12-02 14:43:28','Episode 5',NULL,NULL,'bob_dylan_ep05','a:0:{}',NULL,NULL),(439,63,1,NULL,NULL,'2019-12-10 12:50:36','Episode 1',NULL,NULL,'reverb_ep01','a:0:{}',NULL,NULL),(440,63,2,NULL,NULL,'2019-12-10 12:50:36','Episode 2',NULL,NULL,'reverb_ep02','a:0:{}',NULL,NULL),(441,63,3,NULL,NULL,'2019-12-10 12:50:36','Episode 3',NULL,NULL,'reverb_ep03','a:0:{}',NULL,NULL),(442,63,4,NULL,NULL,'2019-12-10 12:50:36','Episode 4',NULL,NULL,'reverb_ep04','a:0:{}',NULL,NULL),(443,63,5,NULL,NULL,'2019-12-10 12:50:36','Episode 5',NULL,NULL,'reverb_ep05','a:0:{}',NULL,NULL),(444,63,6,NULL,NULL,'2019-12-10 12:50:36','Episode 6',NULL,NULL,'reverb_ep06','a:0:{}',NULL,NULL),(445,63,7,NULL,NULL,'2019-12-10 12:50:36','Episode 7',NULL,NULL,'reverb_ep07','a:0:{}',NULL,NULL),(446,63,8,NULL,NULL,'2019-12-10 12:50:36','Episode 8',NULL,NULL,'reverb_ep08','a:0:{}',NULL,NULL),(447,63,9,NULL,NULL,'2019-12-10 12:50:36','Episode 9',NULL,NULL,'reverb_ep09','a:0:{}',NULL,NULL),(448,63,10,NULL,NULL,'2019-12-10 12:50:36','Episode 10',NULL,NULL,'reverb_ep10','a:0:{}',NULL,NULL);

--
-- Table structure for table `episodeFaktory`
--

CREATE TABLE `episodeFaktory` (
  `id` int(11) NOT NULL AUTO_INCREMENT,
  `project_id` int(11) NOT NULL,
  `name` varchar(255) COLLATE utf8mb4_unicode_ci NOT NULL,
  `status` varchar(255) COLLATE utf8mb4_unicode_ci NOT NULL,
  PRIMARY KEY (`id`)
) ENGINE=InnoDB DEFAULT CHARSET=utf8mb4 COLLATE=utf8mb4_unicode_ci;

--
-- Dumping data for table `episodeFaktory`
--


--
-- Table structure for table `episode_faktory`
--

CREATE TABLE `episode_faktory` (
  `id` int(11) NOT NULL AUTO_INCREMENT,
  `project_id` int(11) NOT NULL,
  `name` varchar(255) COLLATE utf8mb4_unicode_ci NOT NULL,
  `status` varchar(255) COLLATE utf8mb4_unicode_ci NOT NULL,
  PRIMARY KEY (`id`)
) ENGINE=InnoDB DEFAULT CHARSET=utf8mb4 COLLATE=utf8mb4_unicode_ci;

--
-- Dumping data for table `episode_faktory`
--


--
-- Table structure for table `episode_genre`
--

CREATE TABLE `episode_genre` (
  `episode_id` int(11) NOT NULL,
  `genre_id` int(11) NOT NULL,
  PRIMARY KEY (`episode_id`,`genre_id`),
  KEY `IDX_B85AC5AC362B62A0` (`episode_id`),
  KEY `IDX_B85AC5AC4296D31F` (`genre_id`),
  CONSTRAINT `FK_B85AC5AC362B62A0` FOREIGN KEY (`episode_id`) REFERENCES `episode` (`id`) ON DELETE CASCADE,
  CONSTRAINT `FK_B85AC5AC4296D31F` FOREIGN KEY (`genre_id`) REFERENCES `genre` (`id`) ON DELETE CASCADE
) ENGINE=InnoDB DEFAULT CHARSET=utf8mb4 COLLATE=utf8mb4_unicode_ci;

--
-- Dumping data for table `episode_genre`
--

INSERT INTO `episode_genre` VALUES (1,1),(1,2),(2,19),(2,27),(3,19),(3,27),(4,1),(4,2),(5,7),(5,19),(5,43),(6,7),(6,19),(6,43),(7,12),(8,1),(8,2),(9,1),(9,6),(9,30),(10,1),(10,6),(10,30),(11,1),(11,6),(11,30),(12,1),(12,6),(12,30),(13,1),(13,6),(13,30),(14,1),(14,6),(14,30),(15,1),(15,6),(15,30),(16,1),(16,6),(16,30),(17,1),(17,6),(17,30),(18,1),(18,6),(18,30),(19,1),(19,6),(19,30),(20,1),(20,6),(20,30),(21,1),(21,6),(21,30),(22,2),(22,3),(22,10),(23,2),(23,3),(23,10),(24,2),(24,3),(24,10),(25,2),(25,3),(25,10),(26,2),(26,3),(26,10),(27,2),(27,3),(27,10),(28,2),(28,3),(28,10),(29,2),(29,3),(29,10),(30,2),(30,3),(30,10),(31,2),(31,3),(31,10),(32,2),(32,3),(32,10),(33,2),(33,3),(33,10),(34,2),(34,3),(34,10),(35,2),(35,3),(35,10),(36,2),(36,3),(36,10),(37,2),(37,3),(37,10),(38,2),(38,3),(38,10),(39,2),(39,3),(39,10),(40,19),(40,30),(40,43),(41,19),(41,30),(41,43),(42,19),(42,30),(42,43),(43,19),(43,30),(43,43),(44,19),(44,30),(44,43),(45,19),(45,30),(45,43),(46,19),(46,30),(46,43),(47,19),(47,30),(47,43),(48,19),(48,30),(48,43),(49,19),(49,30),(49,43),(50,12),(51,12),(52,12),(53,1),(53,2),(54,1),(54,2),(55,1),(55,2),(56,1),(56,2),(57,1),(57,2),(58,1),(58,2),(59,1),(59,2),(60,1),(60,2),(61,1),(61,2),(62,1),(62,2),(63,1),(63,2),(64,1),(64,2),(65,1),(65,2),(66,1),(66,2),(67,2),(67,23),(67,29),(68,2),(68,23),(68,29),(69,2),(69,23),(69,29),(70,2),(70,23),(70,29),(71,2),(71,23),(71,29),(72,2),(72,23),(72,29),(73,2),(73,23),(73,29),(74,2),(74,23),(74,29),(75,2),(75,23),(75,29),(76,2),(76,23),(76,29),(77,2),(77,23),(77,29),(78,2),(78,23),(78,29),(79,2),(79,23),(79,29),(80,2),(80,23),(80,29),(81,2),(81,23),(81,29),(82,2),(82,23),(82,29),(83,2),(83,23),(83,29),(84,2),(84,23),(84,29),(85,2),(85,23),(85,29),(86,2),(86,23),(86,29),(87,2),(87,23),(87,29),(88,2),(88,23),(88,29),(89,2),(89,23),(89,29),(90,2),(90,23),(90,29),(91,2),(91,23),(91,29),(92,2),(92,23),(92,29),(93,2),(93,23),(93,29),(94,1),(94,2),(94,30),(95,1),(95,2),(95,30),(96,1),(96,2),(96,30),(97,1),(97,2),(97,30),(98,1),(98,2),(98,30),(99,1),(99,2),(99,30),(100,1),(100,2),(100,30),(101,1),(101,2),(101,30),(102,1),(102,2),(102,30),(103,1),(103,2),(103,30),(104,1),(104,2),(104,30),(105,1),(105,2),(105,30),(106,2),(106,27),(106,43),(107,2),(107,27),(107,43),(108,2),(108,27),(108,43),(109,2),(109,27),(109,43),(110,2),(110,27),(110,43),(111,2),(111,27),(111,43),(112,2),(112,27),(112,43),(113,2),(113,27),(113,43),(114,2),(114,27),(114,43),(115,2),(115,27),(115,43),(116,2),(116,27),(116,43),(117,2),(117,27),(117,43),(118,2),(118,27),(118,43),(119,2),(119,27),(119,43),(120,2),(120,27),(120,43),(121,2),(121,27),(121,43),(122,2),(122,27),(122,43),(123,2),(123,27),(123,43),(124,2),(124,27),(124,43),(125,2),(125,27),(125,43),(126,1),(126,3),(126,37),(127,1),(127,3),(127,37),(128,1),(128,3),(128,37),(129,1),(129,3),(129,37),(130,1),(130,3),(130,37),(131,1),(131,3),(131,37),(132,1),(132,3),(132,37),(133,1),(133,3),(133,37),(134,1),(134,3),(134,37),(135,1),(135,3),(135,37),(136,2),(136,7),(136,10),(137,2),(137,7),(137,10),(138,2),(138,7),(138,10),(139,2),(139,7),(139,10),(140,2),(140,7),(140,10),(141,2),(141,11),(141,43),(142,2),(142,11),(142,43),(143,2),(143,11),(143,43),(144,2),(144,11),(144,43),(145,2),(145,11),(145,43),(146,2),(146,11),(146,43),(147,2),(147,11),(147,43),(148,2),(148,11),(148,43),(149,2),(149,11),(149,43),(150,2),(150,11),(150,43),(151,2),(151,7),(151,19),(152,2),(152,7),(152,19),(153,2),(153,7),(153,19),(154,2),(154,7),(154,19),(155,2),(155,7),(155,19),(156,2),(156,7),(156,19),(157,2),(157,7),(157,19),(158,2),(158,7),(158,19),(159,2),(159,7),(159,19),(160,2),(160,7),(160,19),(161,2),(161,7),(161,19),(162,2),(162,7),(162,19),(163,2),(163,7),(163,19),(164,2),(164,7),(164,19),(165,19),(165,27),(165,43),(166,19),(166,27),(166,43),(167,19),(167,27),(167,43),(168,19),(168,27),(168,43),(169,19),(169,27),(169,43),(170,19),(170,27),(170,43),(171,19),(171,27),(171,43),(172,19),(172,27),(172,43),(173,19),(173,27),(173,43),(174,19),(174,27),(174,43),(175,19),(175,27),(175,43),(176,19),(176,27),(176,43),(177,19),(177,27),(177,43),(178,19),(178,27),(178,43),(179,19),(179,27),(179,43),(180,19),(180,27),(180,43),(181,19),(181,27),(181,43),(182,19),(182,27),(182,43),(183,1),(183,3),(183,12),(183,37),(184,1),(184,3),(184,12),(184,37),(185,1),(185,3),(185,12),(185,37),(186,1),(186,3),(186,12),(186,37),(187,1),(187,3),(187,12),(187,37),(188,1),(188,3),(188,12),(188,37),(189,1),(189,3),(189,12),(189,37),(190,1),(190,3),(190,12),(190,37),(191,1),(191,3),(191,12),(191,37),(192,1),(192,3),(192,12),(192,37),(193,1),(193,3),(193,12),(193,37),(194,1),(194,3),(194,12),(194,37),(195,1),(195,3),(195,12),(195,37),(196,1),(196,3),(196,12),(196,37),(197,1),(197,3),(197,12),(197,37),(198,1),(198,3),(198,12),(198,37),(199,1),(199,3),(199,12),(199,37),(200,1),(200,3),(200,12),(200,37),(201,1),(201,3),(201,12),(201,37),(202,1),(202,3),(202,12),(202,37),(203,2),(203,7),(203,10),(203,20),(204,2),(204,7),(204,10),(204,20),(205,2),(205,7),(205,10),(205,20),(206,2),(206,7),(206,10),(206,20),(207,2),(207,7),(207,10),(207,20),(208,2),(208,7),(208,10),(208,20),(209,2),(209,7),(209,10),(209,20),(210,2),(210,7),(210,10),(210,20),(211,2),(211,7),(211,10),(211,20),(212,2),(212,7),(212,10),(212,20),(213,2),(213,7),(213,10),(213,20),(214,2),(214,7),(214,10),(214,20),(215,2),(215,7),(215,10),(215,20),(216,2),(216,7),(216,10),(216,20),(217,2),(217,7),(217,10),(217,20),(218,2),(218,7),(218,10),(218,20),(219,2),(219,7),(219,10),(219,20),(220,2),(220,7),(220,10),(220,20),(221,2),(221,7),(221,10),(221,20),(222,2),(222,7),(222,10),(222,20),(223,2),(223,7),(223,10),(223,20),(224,2),(224,7),(224,10),(224,20),(225,2),(225,7),(225,10),(225,20),(226,2),(226,7),(226,10),(226,20),(227,2),(227,7),(227,10),(227,20),(228,2),(228,7),(228,10),(228,20),(229,2),(229,7),(229,10),(229,20),(230,2),(230,7),(230,10),(230,20),(231,2),(231,7),(231,10),(231,20),(232,18),(232,19),(232,27),(233,18),(233,19),(233,27),(234,18),(234,19),(234,27),(235,18),(235,19),(235,27),(236,18),(236,19),(236,27),(237,18),(237,19),(237,27),(238,18),(238,19),(238,27),(239,18),(239,19),(239,27),(240,18),(240,19),(240,27),(241,18),(241,19),(241,27),(242,18),(242,19),(242,27),(243,18),(243,19),(243,27),(244,18),(244,19),(244,27),(245,18),(245,19),(245,27),(266,19),(266,27),(267,19),(267,27),(268,19),(268,27),(269,19),(269,27),(270,19),(270,27),(271,19),(271,27),(272,19),(272,27),(273,19),(273,27),(274,19),(274,27),(275,19),(275,27),(276,19),(276,27),(277,19),(277,27),(278,19),(278,27),(279,19),(279,27),(291,1),(291,6),(291,30),(292,1),(292,6),(292,30),(293,1),(293,6),(293,30),(294,1),(294,6),(294,30),(295,1),(295,6),(295,30),(296,1),(296,6),(296,30),(297,1),(297,6),(297,30),(298,1),(298,6),(298,30),(299,1),(299,6),(299,30),(300,1),(300,6),(300,30),(301,1),(301,6),(301,30),(302,1),(302,6),(302,30),(303,1),(303,6),(303,30),(304,2),(304,7),(304,10),(304,29),(305,2),(305,7),(305,10),(305,29),(306,2),(306,7),(306,10),(306,29),(307,2),(307,7),(307,10),(307,29),(308,2),(308,7),(308,10),(308,29),(309,2),(309,7),(309,10),(309,29),(310,2),(310,7),(310,10),(310,29),(311,2),(311,7),(311,10),(311,29),(312,2),(312,7),(312,10),(312,29),(313,2),(313,7),(313,10),(313,29),(314,2),(314,7),(314,10),(314,29),(315,2),(315,7),(315,10),(315,29),(316,2),(316,7),(316,10),(316,29),(317,7),(317,19),(317,43),(318,7),(318,19),(318,43),(319,7),(319,19),(319,43),(320,7),(320,19),(320,43),(321,7),(321,19),(321,43),(322,7),(322,19),(322,43),(323,7),(323,19),(323,43),(324,7),(324,19),(324,43),(325,7),(325,19),(325,43),(346,1),(346,23),(346,30),(347,1),(347,23),(347,30),(348,1),(348,23),(348,30),(349,1),(349,23),(349,30),(350,1),(350,23),(350,30),(351,1),(351,23),(351,30),(352,1),(352,23),(352,30),(358,2),(358,3),(358,16),(359,2),(359,3),(359,16),(360,2),(360,3),(360,16),(361,2),(361,3),(361,16),(362,2),(362,3),(362,16),(363,1),(363,6),(363,23),(364,1),(364,6),(364,23),(365,1),(365,6),(365,23),(366,1),(366,6),(366,23),(367,1),(367,6),(367,23),(368,1),(368,6),(368,23),(369,1),(369,6),(369,23),(370,1),(370,6),(370,23),(371,1),(371,6),(371,23),(372,1),(372,6),(372,23),(373,2),(373,6),(373,30),(374,2),(374,6),(374,30),(375,2),(375,6),(375,30),(376,2),(376,6),(376,30),(377,2),(377,6),(377,30),(378,2),(378,6),(378,30),(379,2),(379,6),(379,30),(380,2),(380,6),(380,30),(381,2),(381,6),(381,30),(382,2),(382,6),(382,30),(383,2),(383,6),(383,30),(384,2),(384,6),(384,30),(385,2),(385,6),(385,30),(386,2),(386,6),(386,30),(387,2),(387,6),(387,30),(388,2),(388,6),(388,30),(389,2),(389,6),(389,30),(390,2),(390,6),(390,30),(391,2),(391,6),(391,30),(392,2),(392,6),(392,30),(393,2),(393,16),(393,41),(394,2),(394,16),(394,41),(395,2),(395,16),(395,41),(396,2),(396,16),(396,41),(397,2),(397,16),(397,41),(398,2),(398,16),(398,41),(399,2),(399,16),(399,41),(400,2),(400,16),(400,41),(401,2),(401,16),(401,41),(402,2),(402,16),(402,41),(403,16),(403,30),(403,41),(404,16),(404,30),(404,41),(405,16),(405,30),(405,41),(406,16),(406,30),(406,41),(407,16),(407,30),(407,41),(408,16),(408,30),(408,41),(409,16),(409,30),(409,41),(410,16),(410,30),(410,41),(411,16),(411,30),(411,41),(412,16),(412,30),(412,41),(413,16),(413,30),(413,41),(414,7),(414,37),(414,43),(415,7),(415,37),(415,43),(416,7),(416,37),(416,43),(417,7),(417,37),(417,43),(418,7),(418,37),(418,43),(419,7),(419,37),(419,43),(420,7),(420,37),(420,43),(421,7),(421,37),(421,43),(422,11),(422,19),(422,27),(423,11),(423,19),(423,27),(424,11),(424,19),(424,27),(425,11),(425,19),(425,27),(426,11),(426,19),(426,27),(427,11),(427,19),(427,27),(428,11),(428,19),(428,27),(429,11),(429,19),(429,27),(430,11),(430,19),(430,27),(431,11),(431,19),(431,27),(432,11),(432,19),(432,27),(433,11),(433,19),(433,27),(434,14),(434,19),(434,30),(435,14),(435,19),(435,30),(436,14),(436,19),(436,30),(437,14),(437,19),(437,30),(438,14),(438,19),(438,30);

--
-- Table structure for table `genre`
--

CREATE TABLE `genre` (
  `id` int(11) NOT NULL AUTO_INCREMENT,
  `long_label` varchar(255) COLLATE utf8mb4_unicode_ci DEFAULT NULL,
  `short_label` varchar(255) COLLATE utf8mb4_unicode_ci NOT NULL,
  PRIMARY KEY (`id`)
) ENGINE=InnoDB AUTO_INCREMENT=44 DEFAULT CHARSET=utf8mb4 COLLATE=utf8mb4_unicode_ci;

--
-- Dumping data for table `genre`
--

INSERT INTO `genre` VALUES (1,'Action','Action'),(2,'Aventure','Aventure'),(3,'Manga','Manga'),(4,'Comics','Comics'),(5,'BD','BD'),(6,'Science-Fiction','Science-Fiction'),(7,'Fantastique','Fantastique'),(8,'Horreur','Horreur'),(9,'Suspense','Suspense'),(10,'Historique','Historique'),(11,'Romantique','Romantique'),(12,'Anticipation','Anticipation'),(13,'Biographique','Biographique'),(14,'Thriller','Thriller'),(15,'Reportage','Reportage'),(16,'Heroic Fantasy','Heroic Fantasy'),(17,'Érotique','Érotique'),(18,'Réaliste','Réaliste'),(19,'Drame','Drame'),(20,'Pirates','Pirates'),(21,'Péplum','Péplum'),(22,'Guerre','Guerre'),(23,'Policier','Policier'),(24,'Commercial','Commercial'),(25,'Anthropomorphique','Anthropomorphique'),(26,'Espionnage','Espionnage'),(27,'Intimiste','Intimiste'),(28,'Super-héros','Super-héros'),(29,'Western','Western'),(30,'Humour','Humour'),(31,'Futuriste','Futuriste'),(32,'Cartoon','Cartoon'),(33,'Politique','Politique'),(34,'Combat','Combat'),(35,'Road-Movie','Road-Movie'),(36,'Burlesque','Burlesque'),(37,'Shonen','Shonen'),(38,'Huis-clos','Huis-clos'),(39,'Catastrophe','Catastrophe'),(40,'Blog','Blog'),(41,'Moyen-Âge','Moyen-Âge'),(42,'Arthurien','Arthurien'),(43,'Contemporain','Contemporain');

--
-- Table structure for table `language`
--

CREATE TABLE `language` (
  `id` int(11) NOT NULL AUTO_INCREMENT,
  `isocode` varchar(5) COLLATE utf8mb4_unicode_ci NOT NULL,
  `label` varchar(255) COLLATE utf8mb4_unicode_ci NOT NULL,
  PRIMARY KEY (`id`)
) ENGINE=InnoDB AUTO_INCREMENT=3 DEFAULT CHARSET=utf8mb4 COLLATE=utf8mb4_unicode_ci;

--
-- Dumping data for table `language`
--

INSERT INTO `language` VALUES (1,'fr','Français'),(2,'en','English');

--
-- Table structure for table `likes`
--

CREATE TABLE `likes` (
  `id` int(11) NOT NULL AUTO_INCREMENT,
  `user_id` int(11) NOT NULL,
  `episode_id` int(11) NOT NULL,
  `date` datetime NOT NULL,
  PRIMARY KEY (`id`),
  UNIQUE KEY `UNIQ_49CA4E7DA76ED395` (`user_id`),
  UNIQUE KEY `UNIQ_49CA4E7D362B62A0` (`episode_id`),
  CONSTRAINT `FK_49CA4E7D362B62A0` FOREIGN KEY (`episode_id`) REFERENCES `episode` (`id`),
  CONSTRAINT `FK_49CA4E7DA76ED395` FOREIGN KEY (`user_id`) REFERENCES `user` (`id`)
) ENGINE=InnoDB DEFAULT CHARSET=utf8mb4 COLLATE=utf8mb4_unicode_ci;

--
-- Dumping data for table `likes`
--


--
-- Table structure for table `photoshopFiles`
--

CREATE TABLE `photoshopFiles` (
  `id` int(11) NOT NULL AUTO_INCREMENT,
  `episode_id` int(11) NOT NULL,
  `filename` varchar(255) COLLATE utf8mb4_unicode_ci NOT NULL,
  `filepath` varchar(255) COLLATE utf8mb4_unicode_ci NOT NULL,
  PRIMARY KEY (`id`)
) ENGINE=InnoDB DEFAULT CHARSET=utf8mb4 COLLATE=utf8mb4_unicode_ci;

--
-- Dumping data for table `photoshopFiles`
--


--
-- Table structure for table `price`
--

CREATE TABLE `price` (
  `id` int(11) NOT NULL AUTO_INCREMENT,
  `price_without_vat` double NOT NULL,
  `price_with_vat` double NOT NULL,
  `vat` double NOT NULL,
  `begin_date` datetime NOT NULL,
  `end_date` datetime DEFAULT NULL,
  `credit` double NOT NULL,
  `episode_id` int(11) NOT NULL,
  PRIMARY KEY (`id`),
  KEY `IDX_CAC822D9362B62A0` (`episode_id`),
  CONSTRAINT `FK_CAC822D9362B62A0` FOREIGN KEY (`episode_id`) REFERENCES `episode` (`id`)
) ENGINE=InnoDB AUTO_INCREMENT=670 DEFAULT CHARSET=utf8mb4 COLLATE=utf8mb4_unicode_ci;

--
-- Dumping data for table `price`
--

INSERT INTO `price` VALUES (136,0,0,0,'2019-09-01 00:00:00',NULL,2,126),(137,0,0,0,'2019-09-26 12:47:50',NULL,0,136),(138,0,0,0,'2019-09-26 12:47:50',NULL,0,137),(139,0,0,0,'2019-09-26 12:47:50',NULL,0,138),(140,0,0,0,'2019-09-26 12:47:50',NULL,0,139),(141,0,0,0,'2019-09-26 12:47:50',NULL,0,140),(143,0,0,0,'2019-09-27 00:00:00',NULL,0,2),(144,0,0,0,'2019-09-27 00:00:00',NULL,0,3),(145,0,0,0,'2019-09-27 00:00:00',NULL,0,4),(146,0,0,0,'2019-09-27 00:00:00',NULL,0,5),(147,0,0,0,'2019-09-27 00:00:00',NULL,0,6),(149,0,0,0,'2019-09-27 00:00:00',NULL,0,8),(150,0,0,0,'2019-09-27 00:00:00',NULL,0,9),(151,0,0,0,'2019-09-27 00:00:00',NULL,0,10),(152,0,0,0,'2019-09-27 00:00:00',NULL,0,11),(153,0,0,0,'2019-09-27 00:00:00',NULL,0,12),(154,0,0,0,'2019-09-27 00:00:00',NULL,0,13),(155,0,0,0,'2019-09-27 00:00:00',NULL,0,14),(156,0,0,0,'2019-09-27 00:00:00',NULL,0,15),(157,0,0,0,'2019-09-27 00:00:00',NULL,0,16),(158,0,0,0,'2019-09-27 00:00:00',NULL,0,17),(159,0,0,0,'2019-09-27 00:00:00',NULL,0,18),(160,0,0,0,'2019-09-27 00:00:00',NULL,0,19),(161,0,0,0,'2019-09-27 00:00:00',NULL,0,20),(162,0,0,0,'2019-09-27 00:00:00',NULL,0,21),(163,0,0,0,'2019-09-27 00:00:00',NULL,0,22),(164,0,0,0,'2019-09-27 00:00:00',NULL,0,23),(165,0,0,0,'2019-09-27 00:00:00',NULL,0,24),(166,0,0,0,'2019-09-27 00:00:00',NULL,0,25),(167,0,0,0,'2019-09-27 00:00:00',NULL,0,26),(168,0,0,0,'2019-09-27 00:00:00',NULL,0,27),(169,0,0,0,'2019-09-27 00:00:00',NULL,0,28),(170,0,0,0,'2019-09-27 00:00:00',NULL,0,29),(171,0,0,0,'2019-09-27 00:00:00',NULL,0,30),(172,0,0,0,'2019-09-27 00:00:00',NULL,0,31),(173,0,0,0,'2019-09-27 00:00:00',NULL,0,32),(174,0,0,0,'2019-09-27 00:00:00',NULL,0,33),(175,0,0,0,'2019-09-27 00:00:00',NULL,0,34),(176,0,0,0,'2019-09-27 00:00:00',NULL,0,35),(177,0,0,0,'2019-09-27 00:00:00',NULL,0,36),(178,0,0,0,'2019-09-27 00:00:00',NULL,0,37),(179,0,0,0,'2019-09-27 00:00:00',NULL,0,38),(180,0,0,0,'2019-09-27 00:00:00',NULL,0,39),(181,0,0,0,'2019-09-27 00:00:00',NULL,0,40),(182,0,0,0,'2019-09-27 00:00:00',NULL,0,41),(183,0,0,0,'2019-09-27 00:00:00',NULL,0,42),(184,0,0,0,'2019-09-27 00:00:00',NULL,0,43),(185,0,0,0,'2019-09-27 00:00:00',NULL,0,44),(186,0,0,0,'2019-09-27 00:00:00',NULL,0,45),(187,0,0,0,'2019-09-27 00:00:00',NULL,0,46),(188,0,0,0,'2019-09-27 00:00:00',NULL,0,47),(189,0,0,0,'2019-09-27 00:00:00',NULL,0,48),(190,0,0,0,'2019-09-27 00:00:00',NULL,0,49),(191,0,0,0,'2019-09-27 00:00:00',NULL,0,50),(192,0,0,0,'2019-09-27 00:00:00',NULL,0,51),(193,0,0,0,'2019-09-27 00:00:00',NULL,0,52),(194,0,0,0,'2019-09-27 00:00:00',NULL,0,53),(195,0,0,0,'2019-09-27 00:00:00',NULL,0,54),(196,0,0,0,'2019-09-27 00:00:00',NULL,0,55),(197,0,0,0,'2019-09-27 00:00:00',NULL,0,56),(198,0,0,0,'2019-09-27 00:00:00',NULL,0,57),(199,0,0,0,'2019-09-27 00:00:00',NULL,0,58),(200,0,0,0,'2019-09-27 00:00:00',NULL,0,59),(201,0,0,0,'2019-09-27 00:00:00',NULL,0,60),(202,0,0,0,'2019-09-27 00:00:00',NULL,0,61),(203,0,0,0,'2019-09-27 00:00:00',NULL,0,62),(204,0,0,0,'2019-09-27 00:00:00',NULL,0,63),(205,0,0,0,'2019-09-27 00:00:00',NULL,0,64),(206,0,0,0,'2019-09-27 00:00:00',NULL,0,65),(207,0,0,0,'2019-09-27 00:00:00',NULL,0,66),(208,0,0,0,'2019-09-27 00:00:00',NULL,0,67),(209,0,0,0,'2019-09-27 00:00:00',NULL,0,68),(210,0,0,0,'2019-09-27 00:00:00',NULL,0,69),(211,0,0,0,'2019-09-27 00:00:00',NULL,0,70),(212,0,0,0,'2019-09-27 00:00:00',NULL,0,71),(213,0,0,0,'2019-09-27 00:00:00',NULL,0,72),(214,0,0,0,'2019-09-27 00:00:00',NULL,0,73),(215,0,0,0,'2019-09-27 00:00:00',NULL,0,74),(216,0,0,0,'2019-09-27 00:00:00',NULL,0,75),(217,0,0,0,'2019-09-27 00:00:00',NULL,0,76),(218,0,0,0,'2019-09-27 00:00:00',NULL,0,77),(219,0,0,0,'2019-09-27 00:00:00',NULL,0,78),(220,0,0,0,'2019-09-27 00:00:00',NULL,0,79),(221,0,0,0,'2019-09-27 00:00:00',NULL,0,80),(222,0,0,0,'2019-09-27 00:00:00',NULL,0,81),(223,0,0,0,'2019-09-27 00:00:00',NULL,0,82),(224,0,0,0,'2019-09-27 00:00:00',NULL,0,83),(225,0,0,0,'2019-09-27 00:00:00',NULL,0,84),(226,0,0,0,'2019-09-27 00:00:00',NULL,0,85),(227,0,0,0,'2019-09-27 00:00:00',NULL,0,86),(228,0,0,0,'2019-09-27 00:00:00',NULL,0,87),(229,0,0,0,'2019-09-27 00:00:00',NULL,0,88),(230,0,0,0,'2019-09-27 00:00:00',NULL,0,89),(231,0,0,0,'2019-09-27 00:00:00',NULL,0,90),(232,0,0,0,'2019-09-27 00:00:00',NULL,0,91),(233,0,0,0,'2019-09-27 00:00:00',NULL,0,92),(234,0,0,0,'2019-09-27 00:00:00',NULL,0,93),(235,0,0,0,'2019-09-27 00:00:00',NULL,0,94),(236,0,0,0,'2019-09-27 00:00:00',NULL,0,95),(237,0,0,0,'2019-09-27 00:00:00',NULL,0,96),(238,0,0,0,'2019-09-27 00:00:00',NULL,0,97),(239,0,0,0,'2019-09-27 00:00:00',NULL,0,98),(240,0,0,0,'2019-09-27 00:00:00',NULL,0,99),(241,0,0,0,'2019-09-27 00:00:00',NULL,0,100),(242,0,0,0,'2019-09-27 00:00:00',NULL,0,101),(243,0,0,0,'2019-09-27 00:00:00',NULL,0,102),(244,0,0,0,'2019-09-27 00:00:00',NULL,0,103),(245,0,0,0,'2019-09-27 00:00:00',NULL,0,104),(246,0,0,0,'2019-09-27 00:00:00',NULL,0,105),(247,0,0,0,'2019-09-27 00:00:00',NULL,0,106),(248,0,0,0,'2019-09-27 00:00:00',NULL,0,107),(249,0,0,0,'2019-09-27 00:00:00',NULL,0,108),(250,0,0,0,'2019-09-27 00:00:00',NULL,0,109),(251,0,0,0,'2019-09-27 00:00:00',NULL,0,110),(252,0,0,0,'2019-09-27 00:00:00',NULL,0,111),(253,0,0,0,'2019-09-27 00:00:00',NULL,0,112),(254,0,0,0,'2019-09-27 00:00:00',NULL,0,113),(255,0,0,0,'2019-09-27 00:00:00',NULL,0,114),(256,0,0,0,'2019-09-27 00:00:00',NULL,0,115),(257,0,0,0,'2019-09-27 00:00:00',NULL,0,116),(258,0,0,0,'2019-09-27 00:00:00',NULL,0,117),(259,0,0,0,'2019-09-27 00:00:00',NULL,0,118),(260,0,0,0,'2019-09-27 00:00:00',NULL,0,119),(261,0,0,0,'2019-09-27 00:00:00',NULL,0,120),(262,0,0,0,'2019-09-27 00:00:00',NULL,0,121),(263,0,0,0,'2019-09-27 00:00:00',NULL,0,122),(264,0,0,0,'2019-09-27 00:00:00',NULL,0,123),(265,0,0,0,'2019-09-27 00:00:00',NULL,0,124),(266,0,0,0,'2019-09-27 00:00:00',NULL,0,125),(267,0,0,0,'2019-09-27 00:00:00',NULL,0,127),(268,0,0,0,'2019-09-27 00:00:00',NULL,0,128),(269,0,0,0,'2019-09-27 00:00:00',NULL,0,129),(270,0,0,0,'2019-09-27 00:00:00',NULL,0,130),(271,0,0,0,'2019-09-27 00:00:00',NULL,0,131),(272,0,0,0,'2019-09-27 00:00:00',NULL,0,132),(273,0,0,0,'2019-09-27 00:00:00',NULL,0,133),(274,0,0,0,'2019-09-27 00:00:00',NULL,0,134),(275,0,0,0,'2019-09-27 00:00:00',NULL,0,135),(276,0,0,0,'2019-09-27 13:01:29',NULL,0,141),(277,0,0,0,'2019-09-27 13:01:29',NULL,0,142),(278,0,0,0,'2019-09-27 13:01:29',NULL,0,143),(279,0,0,0,'2019-09-27 13:01:29',NULL,0,144),(280,0,0,0,'2019-09-27 13:01:29',NULL,0,145),(281,0,0,0,'2019-09-27 13:01:29',NULL,0,146),(282,0,0,0,'2019-09-27 13:01:29',NULL,0,147),(283,0,0,0,'2019-09-27 13:01:29',NULL,0,148),(284,0,0,0,'2019-09-27 13:01:29',NULL,0,149),(285,0,0,0,'2019-09-27 13:01:29',NULL,0,150),(286,0,0,0,'2019-10-20 00:00:00',NULL,12,7),(287,0,0,0,'2019-11-07 14:34:38',NULL,0,151),(288,0,0,0,'2019-11-07 14:34:38',NULL,0,152),(289,0,0,0,'2019-11-07 14:34:38',NULL,0,153),(290,0,0,0,'2019-11-07 14:34:38',NULL,0,154),(291,0,0,0,'2019-11-07 14:34:38',NULL,0,155),(292,0,0,0,'2019-11-07 14:34:38',NULL,0,156),(293,0,0,0,'2019-11-07 14:34:38',NULL,0,157),(294,0,0,0,'2019-11-07 14:34:38',NULL,0,158),(295,0,0,0,'2019-11-07 14:34:38',NULL,0,159),(296,0,0,0,'2019-11-07 14:34:38',NULL,0,160),(297,0,0,0,'2019-11-07 14:34:38',NULL,0,161),(298,0,0,0,'2019-11-07 14:34:38',NULL,0,162),(299,0,0,0,'2019-11-07 14:34:38',NULL,0,163),(300,0,0,0,'2019-11-07 14:34:38',NULL,0,164),(301,0,0,0,'2019-11-07 15:54:09',NULL,0,165),(302,0,0,0,'2019-11-07 15:54:09',NULL,0,166),(303,0,0,0,'2019-11-07 15:54:09',NULL,0,167),(304,0,0,0,'2019-11-07 15:54:09',NULL,0,168),(305,0,0,0,'2019-11-07 15:54:09',NULL,0,169),(306,0,0,0,'2019-11-07 15:54:09',NULL,0,170),(307,0,0,0,'2019-11-07 15:54:09',NULL,0,171),(308,0,0,0,'2019-11-07 15:54:09',NULL,0,172),(309,0,0,0,'2019-11-07 15:54:09',NULL,0,173),(310,0,0,0,'2019-11-07 15:54:09',NULL,0,174),(311,0,0,0,'2019-11-07 15:54:09',NULL,0,175),(312,0,0,0,'2019-11-07 15:54:09',NULL,0,176),(313,0,0,0,'2019-11-07 15:54:09',NULL,0,177),(314,0,0,0,'2019-11-07 15:54:09',NULL,0,178),(315,0,0,0,'2019-11-07 15:54:09',NULL,0,179),(316,0,0,0,'2019-11-07 15:54:09',NULL,0,180),(317,0,0,0,'2019-11-07 15:54:09',NULL,0,181),(318,0,0,0,'2019-11-07 15:54:09',NULL,0,182),(319,0,0,0,'2019-11-08 10:57:32','2019-11-08 10:57:32',0,7),(320,0,0,0,'2019-11-08 10:59:03','2019-11-08 10:59:03',0,126),(321,0,0,0,'2019-11-08 10:59:31','2019-11-08 10:59:31',1,126),(322,0,0,0,'2019-11-08 12:29:24','2019-11-08 12:29:24',5,141),(323,0,0,0,'2019-11-08 15:28:05',NULL,0,183),(324,0,0,0,'2019-11-08 15:28:05',NULL,0,184),(325,0,0,0,'2019-11-08 15:28:05',NULL,0,185),(326,0,0,0,'2019-11-08 15:28:05',NULL,0,186),(327,0,0,0,'2019-11-08 15:28:05',NULL,0,187),(328,0,0,0,'2019-11-08 15:28:05',NULL,0,188),(329,0,0,0,'2019-11-08 15:28:05',NULL,0,189),(330,0,0,0,'2019-11-08 15:28:05',NULL,0,190),(331,0,0,0,'2019-11-08 15:28:06',NULL,0,191),(332,0,0,0,'2019-11-08 15:28:06',NULL,0,192),(333,0,0,0,'2019-11-08 15:28:06',NULL,0,193),(334,0,0,0,'2019-11-08 15:28:06',NULL,0,194),(335,0,0,0,'2019-11-08 15:28:06',NULL,0,195),(336,0,0,0,'2019-11-08 15:28:06',NULL,0,196),(337,0,0,0,'2019-11-08 15:28:06',NULL,0,197),(338,0,0,0,'2019-11-08 15:28:06',NULL,0,198),(339,0,0,0,'2019-11-08 15:28:06',NULL,0,199),(340,0,0,0,'2019-11-08 15:28:06',NULL,0,200),(341,0,0,0,'2019-11-08 15:28:06',NULL,0,201),(342,0,0,0,'2019-11-08 15:28:06',NULL,0,202),(343,0,0,0,'2019-11-08 16:05:16',NULL,0,203),(344,0,0,0,'2019-11-08 16:05:16',NULL,0,204),(345,0,0,0,'2019-11-08 16:05:16',NULL,0,205),(346,0,0,0,'2019-11-08 16:05:16',NULL,0,206),(347,0,0,0,'2019-11-08 16:05:16',NULL,0,207),(348,0,0,0,'2019-11-08 16:05:16',NULL,0,208),(349,0,0,0,'2019-11-08 16:05:16',NULL,0,209),(350,0,0,0,'2019-11-08 16:05:16',NULL,0,210),(351,0,0,0,'2019-11-08 16:05:16',NULL,0,211),(352,0,0,0,'2019-11-08 16:05:16',NULL,0,212),(353,0,0,0,'2019-11-08 16:05:16',NULL,0,213),(354,0,0,0,'2019-11-08 16:05:16',NULL,0,214),(355,0,0,0,'2019-11-08 16:05:16',NULL,0,215),(356,0,0,0,'2019-11-08 16:05:16',NULL,0,216),(357,0,0,0,'2019-11-08 16:05:16',NULL,0,217),(358,0,0,0,'2019-11-08 16:05:16',NULL,0,218),(359,0,0,0,'2019-11-08 16:05:16',NULL,0,219),(360,0,0,0,'2019-11-08 16:05:16',NULL,0,220),(361,0,0,0,'2019-11-08 16:05:16',NULL,0,221),(362,0,0,0,'2019-11-08 16:05:16',NULL,0,222),(363,0,0,0,'2019-11-08 16:05:16',NULL,0,223),(364,0,0,0,'2019-11-08 16:05:16',NULL,0,224),(365,0,0,0,'2019-11-08 16:05:16',NULL,0,225),(366,0,0,0,'2019-11-08 16:05:16',NULL,0,226),(367,0,0,0,'2019-11-08 16:05:16',NULL,0,227),(368,0,0,0,'2019-11-08 16:05:16',NULL,0,228),(369,0,0,0,'2019-11-08 16:05:16',NULL,0,229),(370,0,0,0,'2019-11-08 16:05:16',NULL,0,230),(371,0,0,0,'2019-11-08 16:05:16',NULL,0,231),(372,0,0,0,'2019-11-08 16:27:54',NULL,0,232),(373,0,0,0,'2019-11-08 16:27:54',NULL,0,233),(374,0,0,0,'2019-11-08 16:27:54',NULL,0,234),(375,0,0,0,'2019-11-08 16:27:54',NULL,0,235),(376,0,0,0,'2019-11-08 16:27:54',NULL,0,236),(377,0,0,0,'2019-11-08 16:27:54',NULL,0,237),(378,0,0,0,'2019-11-08 16:27:54',NULL,0,238),(379,0,0,0,'2019-11-08 16:27:54',NULL,0,239),(380,0,0,0,'2019-11-08 16:27:54',NULL,0,240),(381,0,0,0,'2019-11-08 16:27:54',NULL,0,241),(382,0,0,0,'2019-11-08 16:27:54',NULL,0,242),(383,0,0,0,'2019-11-08 16:27:54',NULL,0,243),(384,0,0,0,'2019-11-08 16:27:54',NULL,0,244),(385,0,0,0,'2019-11-08 16:27:54',NULL,0,245),(386,0,0,0,'2019-11-12 11:33:45',NULL,-1,9),(387,0,0,0,'2019-11-12 13:16:50',NULL,-1,40),(388,0,0,0,'2019-11-12 14:29:52',NULL,0,246),(389,0,0,0,'2019-11-12 14:29:52',NULL,0,247),(390,0,0,0,'2019-11-12 14:29:52',NULL,0,248),(391,0,0,0,'2019-11-12 14:29:52',NULL,0,249),(392,0,0,0,'2019-11-12 14:29:52',NULL,0,250),(393,0,0,0,'2019-11-12 14:29:52',NULL,0,251),(394,0,0,0,'2019-11-12 14:29:52',NULL,0,252),(395,0,0,0,'2019-11-12 14:29:52',NULL,0,253),(396,0,0,0,'2019-11-12 14:29:52',NULL,0,254),(397,0,0,0,'2019-11-12 14:29:52',NULL,0,255),(398,0,0,0,'2019-11-12 14:29:52',NULL,0,256),(399,0,0,0,'2019-11-12 14:29:52',NULL,0,257),(400,0,0,0,'2019-11-12 14:29:52',NULL,0,258),(401,0,0,0,'2019-11-12 14:29:52',NULL,0,259),(402,0,0,0,'2019-11-12 14:29:52',NULL,0,260),(403,0,0,0,'2019-11-12 14:29:52',NULL,0,261),(404,0,0,0,'2019-11-12 14:29:52',NULL,0,262),(405,0,0,0,'2019-11-12 14:29:52',NULL,0,263),(406,0,0,0,'2019-11-12 14:29:52',NULL,0,264),(407,0,0,0,'2019-11-12 14:29:52',NULL,0,265),(408,0,0,0,'2019-11-12 14:36:26',NULL,0,247),(409,0,0,0,'2019-11-12 14:37:18',NULL,-1,246),(410,0,0,0,'2019-11-12 14:53:31',NULL,0,266),(411,0,0,0,'2019-11-12 14:53:31',NULL,0,267),(412,0,0,0,'2019-11-12 14:53:31',NULL,0,268),(413,0,0,0,'2019-11-12 14:53:31',NULL,0,269),(414,0,0,0,'2019-11-12 14:53:31',NULL,0,270),(415,0,0,0,'2019-11-12 14:53:31',NULL,0,271),(416,0,0,0,'2019-11-12 14:53:31',NULL,0,272),(417,0,0,0,'2019-11-12 14:53:31',NULL,0,273),(418,0,0,0,'2019-11-12 14:53:31',NULL,0,274),(419,0,0,0,'2019-11-12 14:53:31',NULL,0,275),(420,0,0,0,'2019-11-12 14:53:31',NULL,0,276),(421,0,0,0,'2019-11-12 14:53:31',NULL,0,277),(422,0,0,0,'2019-11-12 14:53:31',NULL,0,278),(423,0,0,0,'2019-11-12 14:53:31',NULL,0,279),(424,0,0,0,'2019-11-12 15:34:56',NULL,0,280),(425,0,0,0,'2019-11-12 15:34:56',NULL,0,281),(426,0,0,0,'2019-11-12 15:34:56',NULL,0,282),(427,0,0,0,'2019-11-12 15:34:56',NULL,0,283),(428,0,0,0,'2019-11-12 15:34:56',NULL,0,284),(429,0,0,0,'2019-11-12 15:34:56',NULL,0,285),(430,0,0,0,'2019-11-12 15:34:56',NULL,0,286),(431,0,0,0,'2019-11-12 15:34:56',NULL,0,287),(432,0,0,0,'2019-11-12 15:34:56',NULL,0,288),(433,0,0,0,'2019-11-12 15:34:56',NULL,0,289),(434,0,0,0,'2019-11-12 15:34:56',NULL,0,290),(435,0,0,0,'2019-11-12 16:11:07',NULL,0,291),(436,0,0,0,'2019-11-12 16:11:07',NULL,0,292),(437,0,0,0,'2019-11-12 16:11:07',NULL,0,293),(438,0,0,0,'2019-11-12 16:11:07',NULL,0,294),(439,0,0,0,'2019-11-12 16:11:07',NULL,0,295),(440,0,0,0,'2019-11-12 16:11:07',NULL,0,296),(441,0,0,0,'2019-11-12 16:11:07',NULL,0,297),(442,0,0,0,'2019-11-12 16:11:07',NULL,0,298),(443,0,0,0,'2019-11-12 16:11:07',NULL,0,299),(444,0,0,0,'2019-11-12 16:11:07',NULL,0,300),(445,0,0,0,'2019-11-12 16:11:07',NULL,0,301),(446,0,0,0,'2019-11-12 16:11:07',NULL,0,302),(447,0,0,0,'2019-11-12 16:11:07',NULL,0,303),(448,0,0,0,'2019-11-12 16:29:47',NULL,0,304),(449,0,0,0,'2019-11-12 16:29:47',NULL,0,305),(450,0,0,0,'2019-11-12 16:29:47',NULL,0,306),(451,0,0,0,'2019-11-12 16:29:47',NULL,0,307),(452,0,0,0,'2019-11-12 16:29:47',NULL,0,308),(453,0,0,0,'2019-11-12 16:29:47',NULL,0,309),(454,0,0,0,'2019-11-12 16:29:47',NULL,0,310),(455,0,0,0,'2019-11-12 16:29:47',NULL,0,311),(456,0,0,0,'2019-11-12 16:29:47',NULL,0,312),(457,0,0,0,'2019-11-12 16:29:47',NULL,0,313),(458,0,0,0,'2019-11-12 16:29:47',NULL,0,314),(459,0,0,0,'2019-11-12 16:29:47',NULL,0,315),(460,0,0,0,'2019-11-12 16:29:47',NULL,0,316),(461,0,0,0,'2019-11-13 16:11:04',NULL,0,317),(462,0,0,0,'2019-11-13 16:11:04',NULL,0,318),(463,0,0,0,'2019-11-13 16:11:04',NULL,0,319),(464,0,0,0,'2019-11-13 16:11:04',NULL,0,320),(465,0,0,0,'2019-11-13 16:11:04',NULL,0,321),(466,0,0,0,'2019-11-13 16:11:04',NULL,0,322),(467,0,0,0,'2019-11-13 16:11:04',NULL,0,323),(468,0,0,0,'2019-11-13 16:11:04',NULL,0,324),(469,0,0,0,'2019-11-13 16:11:04',NULL,0,325),(470,0,0,0,'2019-11-13 16:41:17',NULL,0,326),(471,0,0,0,'2019-11-13 16:41:17',NULL,0,327),(472,0,0,0,'2019-11-13 16:41:17',NULL,0,328),(473,0,0,0,'2019-11-13 16:41:17',NULL,0,329),(474,0,0,0,'2019-11-13 16:41:17',NULL,0,330),(475,0,0,0,'2019-11-13 16:41:17',NULL,0,331),(476,0,0,0,'2019-11-13 16:41:17',NULL,0,332),(477,0,0,0,'2019-11-13 16:41:17',NULL,0,333),(478,0,0,0,'2019-11-13 16:41:17',NULL,0,334),(479,0,0,0,'2019-11-13 16:41:17',NULL,0,335),(480,0,0,0,'2019-11-13 16:41:17',NULL,0,336),(481,0,0,0,'2019-11-13 16:41:17',NULL,0,337),(482,0,0,0,'2019-11-13 16:41:17',NULL,0,338),(483,0,0,0,'2019-11-13 16:41:17',NULL,0,339),(484,0,0,0,'2019-11-13 16:41:17',NULL,0,340),(485,0,0,0,'2019-11-13 16:41:17',NULL,0,341),(486,0,0,0,'2019-11-13 16:41:17',NULL,0,342),(487,0,0,0,'2019-11-13 16:41:17',NULL,0,343),(488,0,0,0,'2019-11-13 16:41:17',NULL,0,344),(489,0,0,0,'2019-11-13 16:41:17',NULL,0,345),(490,0,0,0,'2019-11-13 17:02:23',NULL,0,346),(491,0,0,0,'2019-11-13 17:02:24',NULL,0,347),(492,0,0,0,'2019-11-13 17:02:24',NULL,0,348),(493,0,0,0,'2019-11-13 17:02:24',NULL,0,349),(494,0,0,0,'2019-11-13 17:02:24',NULL,0,350),(495,0,0,0,'2019-11-13 17:02:24',NULL,0,351),(496,0,0,0,'2019-11-13 17:02:24',NULL,0,352),(502,0,0,0,'2019-11-14 12:37:14',NULL,0,358),(503,0,0,0,'2019-11-14 12:37:14',NULL,0,359),(504,0,0,0,'2019-11-14 12:37:14',NULL,0,360),(505,0,0,0,'2019-11-14 12:37:14',NULL,0,361),(506,0,0,0,'2019-11-14 12:37:14',NULL,0,362),(507,0,0,0,'2019-11-14 12:52:15',NULL,0,363),(508,0,0,0,'2019-11-14 12:52:15',NULL,0,364),(509,0,0,0,'2019-11-14 12:52:15',NULL,0,365),(510,0,0,0,'2019-11-14 12:52:15',NULL,0,366),(511,0,0,0,'2019-11-14 12:52:15',NULL,0,367),(512,0,0,0,'2019-11-14 12:52:15',NULL,0,368),(513,0,0,0,'2019-11-14 12:52:15',NULL,0,369),(514,0,0,0,'2019-11-14 12:52:15',NULL,0,370),(515,0,0,0,'2019-11-14 12:52:15',NULL,0,371),(516,0,0,0,'2019-11-14 12:52:15',NULL,0,372),(517,0,0,0,'2019-11-14 14:01:58',NULL,0,373),(518,0,0,0,'2019-11-14 14:01:58',NULL,0,374),(519,0,0,0,'2019-11-14 14:01:58',NULL,0,375),(520,0,0,0,'2019-11-14 14:01:58',NULL,0,376),(521,0,0,0,'2019-11-14 14:01:59',NULL,0,377),(522,0,0,0,'2019-11-14 14:01:59',NULL,0,378),(523,0,0,0,'2019-11-14 14:01:59',NULL,0,379),(524,0,0,0,'2019-11-14 14:01:59',NULL,0,380),(525,0,0,0,'2019-11-14 14:01:59',NULL,0,381),(526,0,0,0,'2019-11-14 14:01:59',NULL,0,382),(527,0,0,0,'2019-11-14 14:01:59',NULL,0,383),(528,0,0,0,'2019-11-14 14:01:59',NULL,0,384),(529,0,0,0,'2019-11-14 14:01:59',NULL,0,385),(530,0,0,0,'2019-11-14 14:01:59',NULL,0,386),(531,0,0,0,'2019-11-14 14:01:59',NULL,0,387),(532,0,0,0,'2019-11-14 14:01:59',NULL,0,388),(533,0,0,0,'2019-11-14 14:01:59',NULL,0,389),(534,0,0,0,'2019-11-14 14:01:59',NULL,0,390),(535,0,0,0,'2019-11-14 14:01:59',NULL,0,391),(536,0,0,0,'2019-11-14 14:01:59',NULL,0,392),(537,0,0,0,'2019-11-14 14:47:42',NULL,-1,151),(538,0,0,0,'2019-11-14 16:00:46',NULL,-1,141),(539,0,0,0,'2019-11-14 16:00:54',NULL,0,142),(540,0,0,0,'2019-11-14 16:06:51',NULL,-1,136),(541,0,0,0,'2019-11-14 16:07:34',NULL,-1,126),(542,0,0,0,'2019-11-14 16:25:02',NULL,-1,151),(543,0,0,0,'2019-11-14 16:25:08',NULL,0,152),(544,0,0,0,'2019-11-14 16:26:38',NULL,-1,7),(545,0,0,0,'2019-11-14 16:26:46',NULL,0,50),(546,0,0,0,'2019-11-14 16:28:04',NULL,0,50),(547,0,0,0,'2019-11-14 16:28:32',NULL,-1,165),(548,0,0,0,'2019-11-14 16:28:37',NULL,0,166),(549,0,0,0,'2019-11-14 16:28:54',NULL,0,166),(550,0,0,0,'2019-11-14 16:34:02',NULL,-1,106),(551,0,0,0,'2019-11-14 16:34:10',NULL,0,107),(552,0,0,0,'2019-11-14 16:35:16',NULL,-1,5),(553,0,0,0,'2019-11-14 16:35:23',NULL,0,6),(554,0,0,0,'2019-11-14 16:35:33',NULL,-1,373),(555,0,0,0,'2019-11-14 16:35:42',NULL,-1,94),(556,0,0,0,'2019-11-14 16:35:50',NULL,0,95),(557,0,0,0,'2019-11-14 16:37:49',NULL,-1,280),(558,0,0,0,'2019-11-14 16:38:30',NULL,-1,280),(559,0,0,0,'2019-11-14 16:39:33',NULL,-1,1),(560,0,0,0,'2019-11-14 16:39:40',NULL,0,4),(561,0,0,0,'2019-11-14 16:40:59',NULL,-1,304),(562,0,0,0,'2019-11-14 16:41:05',NULL,0,305),(563,0,0,0,'2019-11-14 16:48:42',NULL,-1,363),(564,0,0,0,'2019-11-14 16:48:48',NULL,0,364),(565,0,0,0,'2019-11-14 16:48:52',NULL,0,364),(566,0,0,0,'2019-11-14 16:48:57',NULL,0,364),(567,0,0,0,'2019-11-14 16:50:01',NULL,-1,9),(568,0,0,0,'2019-11-14 16:50:18',NULL,0,10),(569,0,0,0,'2019-11-14 16:51:29',NULL,-1,346),(570,0,0,0,'2019-11-14 16:53:11',NULL,-1,67),(571,0,0,0,'2019-11-14 16:53:18',NULL,0,68),(572,0,0,0,'2019-11-14 16:54:33',NULL,-1,232),(573,0,0,0,'2019-11-14 16:54:42',NULL,0,233),(574,0,0,0,'2019-11-14 16:56:13',NULL,-1,246),(575,0,0,0,'2019-11-14 16:56:20',NULL,0,247),(576,0,0,0,'2019-11-14 16:59:17',NULL,-1,2),(577,0,0,0,'2019-11-14 16:59:23',NULL,0,3),(578,0,0,0,'2019-11-14 16:59:52',NULL,-1,358),(579,0,0,0,'2019-11-14 16:59:59',NULL,0,359),(580,0,0,0,'2019-11-14 17:01:21',NULL,-1,22),(581,0,0,0,'2019-11-14 17:01:28',NULL,0,23),(582,0,0,0,'2019-11-14 17:02:14',NULL,-1,203),(583,0,0,0,'2019-11-14 17:02:26',NULL,0,204),(584,0,0,0,'2019-11-14 17:04:10',NULL,-1,203),(585,0,0,0,'2019-11-14 17:04:15',NULL,0,204),(586,0,0,0,'2019-11-14 17:05:02',NULL,-1,183),(587,0,0,0,'2019-11-14 17:05:10',NULL,0,184),(588,0,0,0,'2019-11-14 17:06:01',NULL,-1,326),(589,0,0,0,'2019-12-02 12:31:18',NULL,0,393),(590,0,0,0,'2019-12-02 12:31:18',NULL,0,394),(591,0,0,0,'2019-12-02 12:31:18',NULL,0,395),(592,0,0,0,'2019-12-02 12:31:18',NULL,0,396),(593,0,0,0,'2019-12-02 12:31:18',NULL,0,397),(594,0,0,0,'2019-12-02 12:31:18',NULL,0,398),(595,0,0,0,'2019-12-02 12:31:18',NULL,0,399),(596,0,0,0,'2019-12-02 12:31:18',NULL,0,400),(597,0,0,0,'2019-12-02 12:31:18',NULL,0,401),(598,0,0,0,'2019-12-02 12:31:18',NULL,0,402),(599,0,0,0,'2019-12-02 12:51:00',NULL,0,403),(600,0,0,0,'2019-12-02 12:51:00',NULL,0,404),(601,0,0,0,'2019-12-02 12:51:00',NULL,0,405),(602,0,0,0,'2019-12-02 12:51:00',NULL,0,406),(603,0,0,0,'2019-12-02 12:51:00',NULL,0,407),(604,0,0,0,'2019-12-02 12:51:00',NULL,0,408),(605,0,0,0,'2019-12-02 12:51:00',NULL,0,409),(606,0,0,0,'2019-12-02 12:51:00',NULL,0,410),(607,0,0,0,'2019-12-02 12:51:00',NULL,0,411),(608,0,0,0,'2019-12-02 12:51:00',NULL,0,412),(609,0,0,0,'2019-12-02 12:51:00',NULL,0,413),(610,0,0,0,'2019-12-02 12:52:29',NULL,0,414),(611,0,0,0,'2019-12-02 12:52:29',NULL,0,415),(612,0,0,0,'2019-12-02 12:52:29',NULL,0,416),(613,0,0,0,'2019-12-02 12:52:29',NULL,0,417),(614,0,0,0,'2019-12-02 12:52:29',NULL,0,418),(615,0,0,0,'2019-12-02 12:52:29',NULL,0,419),(616,0,0,0,'2019-12-02 12:52:29',NULL,0,420),(617,0,0,0,'2019-12-02 12:52:29',NULL,0,421),(618,0,0,0,'2019-12-02 13:46:24',NULL,0,422),(619,0,0,0,'2019-12-02 13:46:24',NULL,0,423),(620,0,0,0,'2019-12-02 13:46:24',NULL,0,424),(621,0,0,0,'2019-12-02 13:46:24',NULL,0,425),(622,0,0,0,'2019-12-02 13:46:24',NULL,0,426),(623,0,0,0,'2019-12-02 13:46:24',NULL,0,427),(624,0,0,0,'2019-12-02 13:46:24',NULL,0,428),(625,0,0,0,'2019-12-02 13:46:24',NULL,0,429),(626,0,0,0,'2019-12-02 13:46:24',NULL,0,430),(627,0,0,0,'2019-12-02 13:46:24',NULL,0,431),(628,0,0,0,'2019-12-02 13:46:24',NULL,0,432),(629,0,0,0,'2019-12-02 13:46:25',NULL,0,433),(630,0,0,0,'2019-12-02 14:43:28',NULL,0,434),(631,0,0,0,'2019-12-02 14:43:28',NULL,0,435),(632,0,0,0,'2019-12-02 14:43:28',NULL,0,436),(633,0,0,0,'2019-12-02 14:43:28',NULL,0,437),(634,0,0,0,'2019-12-02 14:43:28',NULL,0,438),(635,0,0,0,'2019-12-10 12:50:36',NULL,0,439),(636,0,0,0,'2019-12-10 12:50:36',NULL,0,440),(637,0,0,0,'2019-12-10 12:50:36',NULL,0,441),(638,0,0,0,'2019-12-10 12:50:36',NULL,0,442),(639,0,0,0,'2019-12-10 12:50:36',NULL,0,443),(640,0,0,0,'2019-12-10 12:50:36',NULL,0,444),(641,0,0,0,'2019-12-10 12:50:36',NULL,0,445),(642,0,0,0,'2019-12-10 12:50:36',NULL,0,446),(643,0,0,0,'2019-12-10 12:50:36',NULL,0,447),(644,0,0,0,'2019-12-10 12:50:36',NULL,0,448),(645,0,0,0,'2020-03-18 07:48:42',NULL,0,2),(646,0,0,0,'2020-03-23 12:02:23',NULL,0,126),(647,0,0,0,'2020-03-23 12:03:13',NULL,0,67),(648,0,0,0,'2020-03-23 12:07:32',NULL,0,141),(649,0,0,0,'2020-03-23 12:09:19',NULL,0,40),(650,0,0,0,'2020-03-23 12:09:28',NULL,0,136),(651,0,0,0,'2020-03-23 12:10:14',NULL,0,136),(652,0,0,0,'2020-03-23 12:10:41',NULL,0,126),(653,0,0,0,'2020-03-23 12:12:29',NULL,0,151),(654,0,0,0,'2020-03-23 12:12:46',NULL,0,165),(655,0,0,0,'2020-03-23 12:13:18',NULL,0,106),(656,0,0,0,'2020-03-23 12:13:39',NULL,0,5),(657,0,0,0,'2020-03-23 12:13:49',NULL,0,373),(658,0,0,0,'2020-03-23 12:14:07',NULL,0,94),(659,0,0,0,'2020-03-23 12:14:40',NULL,0,1),(660,0,0,0,'2020-03-23 12:14:49',NULL,0,304),(661,0,0,0,'2020-03-23 12:15:01',NULL,0,363),(662,0,0,0,'2020-03-23 12:15:24',NULL,0,9),(663,0,0,0,'2020-03-23 12:15:36',NULL,0,67),(664,0,0,0,'2020-03-23 12:15:47',NULL,0,232),(665,0,0,0,'2020-03-23 12:15:59',NULL,0,246),(666,0,0,0,'2020-03-23 12:16:10',NULL,0,2),(667,0,0,0,'2020-03-23 12:16:30',NULL,0,22),(668,0,0,0,'2020-03-23 12:16:41',NULL,0,203),(669,0,0,0,'2020-03-23 12:16:51',NULL,0,183);

--
-- Table structure for table `project`
--

CREATE TABLE `project` (
  `id` int(11) NOT NULL AUTO_INCREMENT,
  `name` varchar(255) COLLATE utf8mb4_unicode_ci NOT NULL,
  PRIMARY KEY (`id`)
) ENGINE=InnoDB DEFAULT CHARSET=utf8mb4 COLLATE=utf8mb4_unicode_ci;

--
-- Dumping data for table `project`
--


--
-- Table structure for table `showcase`
--

CREATE TABLE `showcase` (
  `id` int(11) NOT NULL AUTO_INCREMENT,
  `name` varchar(255) COLLATE utf8mb4_unicode_ci NOT NULL,
  `album1` int(11) DEFAULT NULL,
  `album2` int(11) DEFAULT NULL,
  `album3` int(11) DEFAULT NULL,
  `album4` int(11) DEFAULT NULL,
  `album5` int(11) DEFAULT NULL,
  `album6` int(11) DEFAULT NULL,
  `album7` int(11) DEFAULT NULL,
  `album8` int(11) DEFAULT NULL,
  `album9` int(11) DEFAULT NULL,
  `album10` int(11) DEFAULT NULL,
  PRIMARY KEY (`id`)
) ENGINE=InnoDB AUTO_INCREMENT=6 DEFAULT CHARSET=utf8mb4 COLLATE=utf8mb4_unicode_ci;

--
-- Dumping data for table `showcase`
--

INSERT INTO `showcase` VALUES (1,'Nouveaux épisodes disponibles',59,52,58,11,12,53,61,63,-1,-1),(2,'Mangas',1,49,51,47,58,57,56,60,-1,-1),(3,'Exclusivités Allskreen',50,21,18,24,49,47,11,3,62,7),(4,'Les plus Populaires',24,25,34,37,2,33,21,51,-1,-1),(5,'Notre Sélection',55,15,27,9,2,11,3,36,62,-1);

--
-- Temporary table structure for view `statistics`
--

/*!50001 DROP VIEW IF EXISTS `statistics`*/;
/*!50001 CREATE VIEW `statistics` AS SELECT 
 1 AS `email`,
 1 AS `url`,
 1 AS `session_id`,
 1 AS `jour`,
 1 AS `heure`,
 1 AS `percentage`*/;

--
-- Final view structure for view `statistics`
--

/*!50001 DROP VIEW IF EXISTS `statistics`*/;


